{"id":37498,"date":"2025-02-20T23:38:05","date_gmt":"2025-02-20T22:38:05","guid":{"rendered":"https:\/\/olemosaic.orbitalia.org\/producto\/iman-de-resina-salamandra-gran-canaria-75-cm\/"},"modified":"2025-07-25T19:31:58","modified_gmt":"2025-07-25T17:31:58","slug":"iman-de-resina-salamandra-gran-canaria-7-5-cm","status":"publish","type":"product","link":"https:\/\/olemosaic.orbitalia.org\/pt-pt\/produto\/iman-de-resina-salamandra-gran-canaria-7-5-cm\/","title":{"rendered":"\u00cdman de resina. Salamandra. Gran Canaria. 7,5 cm."},"content":{"rendered":"<p>Este atraente \u00edman de resina com forma de salamandra \u00e9 o souvenir ideal para levar um pedacinho de Gran Canaria. Com os seus 7,5 cm, apresenta um design vibrante e colorido, com v\u00e1rias salamandras em tons de azul, verde e vermelho. Cada uma delas est\u00e1 adornada com vivos detalhes florais que captam a beleza natural da ilha. O seu acabamento brilhante n\u00e3o s\u00f3 lhe confere um aspeto atraente, como tamb\u00e9m garante a durabilidade do produto, tornando-o perfeito para decorar qualquer superf\u00edcie met\u00e1lica, seja em casa ou no escrit\u00f3rio.<\/p>\n<p>A salamandra \u00e9 um s\u00edmbolo associado \u00e0 fauna can\u00e1ria e reflete a diversidade do ecossistema da regi\u00e3o. Este \u00edman n\u00e3o \u00e9 apenas um objeto decorativo, mas tamb\u00e9m evoca a rica biodiversidade que Gran Canaria oferece, tornando-se uma recorda\u00e7\u00e3o representativa deste popular destino tur\u00edstico. Na Ol\u00e9 Mosaic, confiamos na autenticidade e qualidade das nossas lembran\u00e7as, propondo um design que combina artesanato e elementos inspirados na cultura local. Este \u00edman de resina \u00e9 uma excelente op\u00e7\u00e3o para lojas de presentes tur\u00edsticos que procuram produtos que fa\u00e7am com que os visitantes recordem a sua experi\u00eancia na ilha. Como grossistas de lembran\u00e7as de Gran Canaria, asseguramos aos nossos clientes uma sele\u00e7\u00e3o \u00fanica e relevante no mercado.<\/p>\n","protected":false},"excerpt":{"rendered":"<p>\u00cdman com forma de salamandra, perfeito para levar uma recorda\u00e7\u00e3o de Gran Canaria. Com 7,5 cm de tamanho, este colorido \u00edman destaca-se pelo seu design vibrante, que representa v\u00e1rias salamandras em tons de azul, verde e vermelho, adornadas com detalhes florais. O seu acabamento brilhante e a t\u00e9cnica de produ\u00e7\u00e3o utilizada asseguram um objeto atraente e duradouro, ideal para decorar qualquer superf\u00edcie met\u00e1lica e evocar a beleza da paisagem can\u00e1ria.<\/p>\n","protected":false},"featured_media":14086,"template":"","meta":{"_acf_changed":false},"product_brand":[],"product_cat":[699],"product_tag":[516],"class_list":{"0":"post-37498","1":"product","2":"type-product","3":"status-publish","4":"has-post-thumbnail","6":"product_cat-imanes","7":"product_tag-animais","8":"pa_ciudad-gran-canaria","9":"pa_motivo-salamandras","10":"pa_pais-espana","12":"first","13":"instock","14":"shipping-taxable","15":"product-type-simple"},"acf":[],"_links":{"self":[{"href":"https:\/\/olemosaic.orbitalia.org\/pt-pt\/wp-json\/wp\/v2\/product\/37498","targetHints":{"allow":["GET"]}}],"collection":[{"href":"https:\/\/olemosaic.orbitalia.org\/pt-pt\/wp-json\/wp\/v2\/product"}],"about":[{"href":"https:\/\/olemosaic.orbitalia.org\/pt-pt\/wp-json\/wp\/v2\/types\/product"}],"wp:featuredmedia":[{"embeddable":true,"href":"https:\/\/olemosaic.orbitalia.org\/pt-pt\/wp-json\/wp\/v2\/media\/14086"}],"wp:attachment":[{"href":"https:\/\/olemosaic.orbitalia.org\/pt-pt\/wp-json\/wp\/v2\/media?parent=37498"}],"wp:term":[{"taxonomy":"product_brand","embeddable":true,"href":"https:\/\/olemosaic.orbitalia.org\/pt-pt\/wp-json\/wp\/v2\/product_brand?post=37498"},{"taxonomy":"product_cat","embeddable":true,"href":"https:\/\/olemosaic.orbitalia.org\/pt-pt\/wp-json\/wp\/v2\/product_cat?post=37498"},{"taxonomy":"product_tag","embeddable":true,"href":"https:\/\/olemosaic.orbitalia.org\/pt-pt\/wp-json\/wp\/v2\/product_tag?post=37498"}],"curies":[{"name":"wp","href":"https:\/\/api.w.org\/{rel}","templated":true}]}}

Íman de resina. Salamandra. Gran Canaria. 7,5 cm.

<p>Este atraente íman de resina com forma de salamandra é o souvenir ideal para levar um pedacinho de Gran Canaria. Com os seus 7,5 cm, apresenta um design vibrante e colorido, com várias salamandras em tons de azul, verde e vermelho. Cada uma delas está adornada com vivos detalhes florais que captam a beleza natural da ilha. O seu acabamento brilhante não só lhe confere um aspeto atraente, como também garante a durabilidade do produto, tornando-o perfeito para decorar qualquer superfície metálica, seja em casa ou no escritório.</p>
<p>A salamandra é um símbolo associado à fauna canária e reflete a diversidade do ecossistema da região. Este íman não é apenas um objeto decorativo, mas também evoca a rica biodiversidade que Gran Canaria oferece, tornando-se uma recordação representativa deste popular destino turístico. Na Olé Mosaic, confiamos na autenticidade e qualidade das nossas lembranças, propondo um design que combina artesanato e elementos inspirados na cultura local. Este íman de resina é uma excelente opção para lojas de presentes turísticos que procuram produtos que façam com que os visitantes recordem a sua experiência na ilha. Como grossistas de lembranças de Gran Canaria, asseguramos aos nossos clientes uma seleção única e relevante no mercado.</p>

<p>Íman com forma de salamandra, perfeito para levar uma recordação de Gran Canaria. Com 7,5 cm de tamanho, este colorido íman destaca-se pelo seu design vibrante, que representa várias salamandras em tons de azul, verde e vermelho, adornadas com detalhes florais. O seu acabamento brilhante e a técnica de produção utilizada asseguram um objeto atraente e duradouro, ideal para decorar qualquer superfície metálica e evocar a beleza da paisagem canária.</p>
