{"id":36849,"date":"2025-02-20T22:36:18","date_gmt":"2025-02-20T22:36:18","guid":{"rendered":"https:\/\/olemosaic.orbitalia.org\/producto\/iman-de-pvc-salamandra-la-palma\/"},"modified":"2025-07-25T18:47:14","modified_gmt":"2025-07-25T16:47:14","slug":"iman-de-pvc-salamandra-la-palma-pt-pt","status":"publish","type":"product","link":"https:\/\/olemosaic.orbitalia.org\/pt-pt\/produto\/iman-de-pvc-salamandra-la-palma-pt-pt\/","title":{"rendered":"\u00cdman de PVC. Salamandra. La Palma."},"content":{"rendered":"<p>\u00cdman de PVC com forma de salamandra de La Palma<\/p>\n<p>Este vibrante \u00edman de PVC capta a ess\u00eancia da fauna de La Palma, uma ilha conhecida pela sua rica biodiversidade e pelas suas paisagens espetaculares. Com um design art\u00edstico que se destaca pelos seus intensos tons azuis, verdes e amarelos, este \u00edman \u00e9 uma representa\u00e7\u00e3o l\u00fadica da salamandra, um habitante caracter\u00edstico dos ecossistemas can\u00e1rios. A palavra &#8220;LA PALMA&#8221; apresenta-se de forma chamativa, acrescentando um toque de cor e alegria que sobressai em qualquer superf\u00edcie met\u00e1lica.<\/p>\n<p>O detalhe da ilustra\u00e7\u00e3o revela uma magn\u00edfica fus\u00e3o de cores que simbolizam a vitalidade e a beleza natural da ilha, tornando-o um excelente souvenir para quem deseja levar uma recorda\u00e7\u00e3o significativa da sua visita. A salamandra, al\u00e9m de ser um s\u00edmbolo da fauna local, tem um grande valor cultural nas tradi\u00e7\u00f5es de La Palma, onde se considera que estes r\u00e9pteis trazem boa sorte.<\/p>\n<p>Ideal para turistas que procuram souvenirs aut\u00eanticos, este \u00edman de salamandra da Ol\u00e9 Mosaic representa n\u00e3o apenas uma recorda\u00e7\u00e3o de La Palma, mas tamb\u00e9m uma pe\u00e7a que reflete a identidade cultural da regi\u00e3o. Como grossistas de souvenirs, garantimos a qualidade e singularidade de cada produto, tornando-o uma op\u00e7\u00e3o perfeita para lojas de presentes tur\u00edsticos que desejam oferecer artigos representativos e de grande atrativo.<\/p>\n","protected":false},"excerpt":{"rendered":"<p>\u00cdman de PVC com forma de salamandra, que representa a vibrante fauna de La Palma. Este colorido \u00edman destaca-se pelo seu design art\u00edstico em tons azuis, verdes e amarelos, que simbolizam a rica biodiversidade da ilha. Com a palavra &#8220;LA PALMA&#8221; impressa de forma chamativa, este \u00edman \u00e9 um souvenir ideal para recordar a beleza natural da regi\u00e3o e acrescenta um toque de alegria a qualquer superf\u00edcie met\u00e1lica.<\/p>\n","protected":false},"featured_media":12072,"template":"","meta":{"_acf_changed":false},"product_brand":[],"product_cat":[699],"product_tag":[516],"class_list":{"0":"post-36849","1":"product","2":"type-product","3":"status-publish","4":"has-post-thumbnail","6":"product_cat-imanes","7":"product_tag-animais","8":"pa_ciudad-la-palma","9":"pa_motivo-salamandras","10":"pa_pais-espana","12":"first","13":"instock","14":"shipping-taxable","15":"product-type-simple"},"acf":[],"_links":{"self":[{"href":"https:\/\/olemosaic.orbitalia.org\/pt-pt\/wp-json\/wp\/v2\/product\/36849","targetHints":{"allow":["GET"]}}],"collection":[{"href":"https:\/\/olemosaic.orbitalia.org\/pt-pt\/wp-json\/wp\/v2\/product"}],"about":[{"href":"https:\/\/olemosaic.orbitalia.org\/pt-pt\/wp-json\/wp\/v2\/types\/product"}],"wp:featuredmedia":[{"embeddable":true,"href":"https:\/\/olemosaic.orbitalia.org\/pt-pt\/wp-json\/wp\/v2\/media\/12072"}],"wp:attachment":[{"href":"https:\/\/olemosaic.orbitalia.org\/pt-pt\/wp-json\/wp\/v2\/media?parent=36849"}],"wp:term":[{"taxonomy":"product_brand","embeddable":true,"href":"https:\/\/olemosaic.orbitalia.org\/pt-pt\/wp-json\/wp\/v2\/product_brand?post=36849"},{"taxonomy":"product_cat","embeddable":true,"href":"https:\/\/olemosaic.orbitalia.org\/pt-pt\/wp-json\/wp\/v2\/product_cat?post=36849"},{"taxonomy":"product_tag","embeddable":true,"href":"https:\/\/olemosaic.orbitalia.org\/pt-pt\/wp-json\/wp\/v2\/product_tag?post=36849"}],"curies":[{"name":"wp","href":"https:\/\/api.w.org\/{rel}","templated":true}]}}

Íman de PVC. Salamandra. La Palma.

<p>Íman de PVC com forma de salamandra de La Palma</p>
<p>Este vibrante íman de PVC capta a essência da fauna de La Palma, uma ilha conhecida pela sua rica biodiversidade e pelas suas paisagens espetaculares. Com um design artístico que se destaca pelos seus intensos tons azuis, verdes e amarelos, este íman é uma representação lúdica da salamandra, um habitante característico dos ecossistemas canários. A palavra &#8220;LA PALMA&#8221; apresenta-se de forma chamativa, acrescentando um toque de cor e alegria que sobressai em qualquer superfície metálica.</p>
<p>O detalhe da ilustração revela uma magnífica fusão de cores que simbolizam a vitalidade e a beleza natural da ilha, tornando-o um excelente souvenir para quem deseja levar uma recordação significativa da sua visita. A salamandra, além de ser um símbolo da fauna local, tem um grande valor cultural nas tradições de La Palma, onde se considera que estes répteis trazem boa sorte.</p>
<p>Ideal para turistas que procuram souvenirs autênticos, este íman de salamandra da Olé Mosaic representa não apenas uma recordação de La Palma, mas também uma peça que reflete a identidade cultural da região. Como grossistas de souvenirs, garantimos a qualidade e singularidade de cada produto, tornando-o uma opção perfeita para lojas de presentes turísticos que desejam oferecer artigos representativos e de grande atrativo.</p>

<p>Íman de PVC com forma de salamandra, que representa a vibrante fauna de La Palma. Este colorido íman destaca-se pelo seu design artístico em tons azuis, verdes e amarelos, que simbolizam a rica biodiversidade da ilha. Com a palavra &#8220;LA PALMA&#8221; impressa de forma chamativa, este íman é um souvenir ideal para recordar a beleza natural da região e acrescenta um toque de alegria a qualquer superfície metálica.</p>
