{"id":36582,"date":"2025-02-20T23:35:58","date_gmt":"2025-02-20T22:35:58","guid":{"rendered":"https:\/\/olemosaic.orbitalia.org\/producto\/iman-de-madera-panoramica-sevilla\/"},"modified":"2025-07-25T19:01:32","modified_gmt":"2025-07-25T17:01:32","slug":"iman-de-madeira-panoramica-sevilha","status":"publish","type":"product","link":"https:\/\/olemosaic.orbitalia.org\/pt-pt\/produto\/iman-de-madeira-panoramica-sevilha\/","title":{"rendered":"\u00cdman de madeira. Panor\u00e2mica. Sevilha."},"content":{"rendered":"<p>\u00cdman de madeira panor\u00e2mico de Sevilha: uma recorda\u00e7\u00e3o vibrante desta m\u00e1gica cidade andaluza. Este colorido \u00edman apresenta uma ilustra\u00e7\u00e3o com efeito pintado \u00e0 m\u00e3o que capta a majestade dos emblem\u00e1ticos monumentos sevilhanos, como a Giralda e o Alc\u00e1zar, rodeados de exuberantes elementos bot\u00e2nicos e um c\u00e9u azul brilhante. O design destaca a palavra &#8220;SEVILHA&#8221; em letras multicoloridas, o que acrescenta um toque fresco e din\u00e2mico ao produto, tornando-o uma pe\u00e7a decorativa perfeita para qualquer casa. Fabricado em madeira de alta qualidade, este \u00edman n\u00e3o s\u00f3 \u00e9 funcional, como tamb\u00e9m uma obra de arte que representa a ess\u00eancia cultural de Sevilha.<\/p>\n<p>Esta recorda\u00e7\u00e3o \u00e9 ideal para turistas que procuram levar um peda\u00e7o da riqueza arquitet\u00f3nica e do ambiente vibrante da cidade, e a sua liga\u00e7\u00e3o com a cultura andaluza torna-o um presente memor\u00e1vel. Na Ol\u00e9 Mosaic, compreendemos a import\u00e2ncia de oferecer recorda\u00e7\u00f5es aut\u00eanticas e significativas, e este \u00edman \u00e9 uma excelente op\u00e7\u00e3o para lojas de presentes tur\u00edsticos que desejam destacar produtos representativos de Sevilha. Com o seu design atraente e a sua conota\u00e7\u00e3o cultural, este \u00edman de madeira \u00e9 uma op\u00e7\u00e3o ideal para quem procura recorda\u00e7\u00f5es de Sevilha por grosso, aportando um toque de arte e tradi\u00e7\u00e3o a cada casa.<\/p>\n","protected":false},"excerpt":{"rendered":"<p>\u00cdman de madeira com uma colorida panor\u00e2mica de Sevilha que real\u00e7a a majestade da cidade andaluza. Esta atraente recorda\u00e7\u00e3o apresenta uma ilustra\u00e7\u00e3o vibrante dos emblem\u00e1ticos monumentos sevilhanos, como a Giralda e o Alc\u00e1zar, rodeados de elementos bot\u00e2nicos e um c\u00e9u azul ensolarado. Com a palavra &#8220;SEVILHA&#8221; em letras chamativas e multicoloridas, este \u00edman de design artesanal, pintado \u00e0 m\u00e3o, \u00e9 uma excelente forma de evocar a ess\u00eancia de Sevilha em qualquer casa.<\/p>\n","protected":false},"featured_media":9561,"template":"","meta":{"_acf_changed":false},"product_brand":[],"product_cat":[699],"product_tag":[],"class_list":{"0":"post-36582","1":"product","2":"type-product","3":"status-publish","4":"has-post-thumbnail","6":"product_cat-imanes","7":"pa_ciudad-sevilla","8":"pa_motivo-panoramas","9":"pa_pais-espana","11":"first","12":"instock","13":"shipping-taxable","14":"product-type-simple"},"acf":[],"_links":{"self":[{"href":"https:\/\/olemosaic.orbitalia.org\/pt-pt\/wp-json\/wp\/v2\/product\/36582","targetHints":{"allow":["GET"]}}],"collection":[{"href":"https:\/\/olemosaic.orbitalia.org\/pt-pt\/wp-json\/wp\/v2\/product"}],"about":[{"href":"https:\/\/olemosaic.orbitalia.org\/pt-pt\/wp-json\/wp\/v2\/types\/product"}],"wp:featuredmedia":[{"embeddable":true,"href":"https:\/\/olemosaic.orbitalia.org\/pt-pt\/wp-json\/wp\/v2\/media\/9561"}],"wp:attachment":[{"href":"https:\/\/olemosaic.orbitalia.org\/pt-pt\/wp-json\/wp\/v2\/media?parent=36582"}],"wp:term":[{"taxonomy":"product_brand","embeddable":true,"href":"https:\/\/olemosaic.orbitalia.org\/pt-pt\/wp-json\/wp\/v2\/product_brand?post=36582"},{"taxonomy":"product_cat","embeddable":true,"href":"https:\/\/olemosaic.orbitalia.org\/pt-pt\/wp-json\/wp\/v2\/product_cat?post=36582"},{"taxonomy":"product_tag","embeddable":true,"href":"https:\/\/olemosaic.orbitalia.org\/pt-pt\/wp-json\/wp\/v2\/product_tag?post=36582"}],"curies":[{"name":"wp","href":"https:\/\/api.w.org\/{rel}","templated":true}]}}

Íman de madeira. Panorâmica. Sevilha.

<p>Íman de madeira panorâmico de Sevilha: uma recordação vibrante desta mágica cidade andaluza. Este colorido íman apresenta uma ilustração com efeito pintado à mão que capta a majestade dos emblemáticos monumentos sevilhanos, como a Giralda e o Alcázar, rodeados de exuberantes elementos botânicos e um céu azul brilhante. O design destaca a palavra &#8220;SEVILHA&#8221; em letras multicoloridas, o que acrescenta um toque fresco e dinâmico ao produto, tornando-o uma peça decorativa perfeita para qualquer casa. Fabricado em madeira de alta qualidade, este íman não só é funcional, como também uma obra de arte que representa a essência cultural de Sevilha.</p>
<p>Esta recordação é ideal para turistas que procuram levar um pedaço da riqueza arquitetónica e do ambiente vibrante da cidade, e a sua ligação com a cultura andaluza torna-o um presente memorável. Na Olé Mosaic, compreendemos a importância de oferecer recordações autênticas e significativas, e este íman é uma excelente opção para lojas de presentes turísticos que desejam destacar produtos representativos de Sevilha. Com o seu design atraente e a sua conotação cultural, este íman de madeira é uma opção ideal para quem procura recordações de Sevilha por grosso, aportando um toque de arte e tradição a cada casa.</p>

<p>Íman de madeira com uma colorida panorâmica de Sevilha que realça a majestade da cidade andaluza. Esta atraente recordação apresenta uma ilustração vibrante dos emblemáticos monumentos sevilhanos, como a Giralda e o Alcázar, rodeados de elementos botânicos e um céu azul ensolarado. Com a palavra &#8220;SEVILHA&#8221; em letras chamativas e multicoloridas, este íman de design artesanal, pintado à mão, é uma excelente forma de evocar a essência de Sevilha em qualquer casa.</p>
