{"id":36121,"date":"2025-02-20T23:35:29","date_gmt":"2025-02-20T22:35:29","guid":{"rendered":"https:\/\/olemosaic.orbitalia.org\/producto\/funda-de-telefono-para-iphone-15-tpu-panoramica-barcelona-azul-2\/"},"modified":"2025-07-25T23:25:12","modified_gmt":"2025-07-25T21:25:12","slug":"capa-de-telemovel-para-iphone-15-tpu-panoramica-barcelona-azul-2","status":"publish","type":"product","link":"https:\/\/olemosaic.orbitalia.org\/pt-pt\/produto\/capa-de-telemovel-para-iphone-15-tpu-panoramica-barcelona-azul-2\/","title":{"rendered":"Capa de telem\u00f3vel para iPhone 15 (TPU). Panor\u00e2mica. Barcelona. Gaud\u00ed. Azul"},"content":{"rendered":"<p>Capa para iPhone 15 com uma vibrante panor\u00e2mica de Barcelona. Esta capa, fabricada em TPU altamente resistente, n\u00e3o s\u00f3 protege o seu dispositivo, como o transforma num acess\u00f3rio art\u00edstico e cheio de vida. O design apresenta uma impressionante ilustra\u00e7\u00e3o da Sagrada Fam\u00edlia, o s\u00edmbolo inconfund\u00edvel da cidade, juntamente com elementos que evocam o mar Mediterr\u00e2neo. Com uma paleta de cores que inclui frescos tons azuis, vermelhos e amarelos, esta capa capta a ess\u00eancia do modernismo catal\u00e3o atrav\u00e9s de um mosaico que recorda as c\u00e9lebres obras de Gaud\u00ed.<\/p>\n<p>A palavra &#8220;Barcelona&#8221; brilha em letras chamativas, o que a torna uma escolha perfeita para os amantes da cidade. Cada canto da capa reflete o esp\u00edrito criativo e din\u00e2mico de Barcelona, transformando esta recorda\u00e7\u00e3o numa op\u00e7\u00e3o ideal para quem deseja levar um peda\u00e7o da cidade para casa. Perfeita tanto para turistas como para locais, esta capa \u00e9 uma excelente forma de recordar os momentos vividos na cosmopolita Barcelona.<\/p>\n<p>Na Ol\u00e9 Mosaic, como distribuidores de recorda\u00e7\u00f5es de qualidade, oferecemos esta capa como uma op\u00e7\u00e3o excecional para lojas de presentes tur\u00edsticos. Com a sua combina\u00e7\u00e3o de funcionalidade e arte, \u00e9 uma recorda\u00e7\u00e3o aut\u00eantica que capta a alma de uma das cidades mais emblem\u00e1ticas de Espanha.<\/p>\n","protected":false},"excerpt":{"rendered":"<p>Capa de telem\u00f3vel para iPhone 15 fabricada em TPU, com uma vibrante panor\u00e2mica de Barcelona. Este colorido design inclui elementos ic\u00f3nicos da cidade, como a Sagrada Fam\u00edlia e o fundo marinho, tudo adornado com um mosaico que evoca a obra de Gaud\u00ed. Predominam tons azuis, vermelhos e amarelos que d\u00e3o vida \u00e0 cena, enquanto o nome &#8220;Barcelona&#8221; se destaca com letras chamativas, tornando-a um acess\u00f3rio t\u00e3o pr\u00e1tico como art\u00edstico.<\/p>\n","protected":false},"featured_media":12432,"template":"","meta":{"_acf_changed":false},"product_brand":[],"product_cat":[685],"product_tag":[],"class_list":{"0":"post-36121","1":"product","2":"type-product","3":"status-publish","4":"has-post-thumbnail","6":"product_cat-capas-para-telemoveis","7":"pa_ciudad-barcelona","8":"pa_motivo-panoramas","9":"pa_pais-espana","11":"first","12":"instock","13":"shipping-taxable","14":"product-type-simple"},"acf":[],"_links":{"self":[{"href":"https:\/\/olemosaic.orbitalia.org\/pt-pt\/wp-json\/wp\/v2\/product\/36121","targetHints":{"allow":["GET"]}}],"collection":[{"href":"https:\/\/olemosaic.orbitalia.org\/pt-pt\/wp-json\/wp\/v2\/product"}],"about":[{"href":"https:\/\/olemosaic.orbitalia.org\/pt-pt\/wp-json\/wp\/v2\/types\/product"}],"wp:featuredmedia":[{"embeddable":true,"href":"https:\/\/olemosaic.orbitalia.org\/pt-pt\/wp-json\/wp\/v2\/media\/12432"}],"wp:attachment":[{"href":"https:\/\/olemosaic.orbitalia.org\/pt-pt\/wp-json\/wp\/v2\/media?parent=36121"}],"wp:term":[{"taxonomy":"product_brand","embeddable":true,"href":"https:\/\/olemosaic.orbitalia.org\/pt-pt\/wp-json\/wp\/v2\/product_brand?post=36121"},{"taxonomy":"product_cat","embeddable":true,"href":"https:\/\/olemosaic.orbitalia.org\/pt-pt\/wp-json\/wp\/v2\/product_cat?post=36121"},{"taxonomy":"product_tag","embeddable":true,"href":"https:\/\/olemosaic.orbitalia.org\/pt-pt\/wp-json\/wp\/v2\/product_tag?post=36121"}],"curies":[{"name":"wp","href":"https:\/\/api.w.org\/{rel}","templated":true}]}}

Capa de telemóvel para iPhone 15 (TPU). Panorâmica. Barcelona. Gaudí. Azul

<p>Capa para iPhone 15 com uma vibrante panorâmica de Barcelona. Esta capa, fabricada em TPU altamente resistente, não só protege o seu dispositivo, como o transforma num acessório artístico e cheio de vida. O design apresenta uma impressionante ilustração da Sagrada Família, o símbolo inconfundível da cidade, juntamente com elementos que evocam o mar Mediterrâneo. Com uma paleta de cores que inclui frescos tons azuis, vermelhos e amarelos, esta capa capta a essência do modernismo catalão através de um mosaico que recorda as célebres obras de Gaudí.</p>
<p>A palavra &#8220;Barcelona&#8221; brilha em letras chamativas, o que a torna uma escolha perfeita para os amantes da cidade. Cada canto da capa reflete o espírito criativo e dinâmico de Barcelona, transformando esta recordação numa opção ideal para quem deseja levar um pedaço da cidade para casa. Perfeita tanto para turistas como para locais, esta capa é uma excelente forma de recordar os momentos vividos na cosmopolita Barcelona.</p>
<p>Na Olé Mosaic, como distribuidores de recordações de qualidade, oferecemos esta capa como uma opção excecional para lojas de presentes turísticos. Com a sua combinação de funcionalidade e arte, é uma recordação autêntica que capta a alma de uma das cidades mais emblemáticas de Espanha.</p>

<p>Capa de telemóvel para iPhone 15 fabricada em TPU, com uma vibrante panorâmica de Barcelona. Este colorido design inclui elementos icónicos da cidade, como a Sagrada Família e o fundo marinho, tudo adornado com um mosaico que evoca a obra de Gaudí. Predominam tons azuis, vermelhos e amarelos que dão vida à cena, enquanto o nome &#8220;Barcelona&#8221; se destaca com letras chamativas, tornando-a um acessório tão prático como artístico.</p>
