{"id":34287,"date":"2025-02-20T23:34:07","date_gmt":"2025-02-20T22:34:07","guid":{"rendered":"https:\/\/olemosaic.orbitalia.org\/producto\/portavelas-de-ceramica-malaga-blanco\/"},"modified":"2025-07-25T18:38:21","modified_gmt":"2025-07-25T16:38:21","slug":"porta-velas-de-ceramica-malaga-branco","status":"publish","type":"product","link":"https:\/\/olemosaic.orbitalia.org\/pt-pt\/produto\/porta-velas-de-ceramica-malaga-branco\/","title":{"rendered":"Porta-velas de cer\u00e2mica. M\u00e1laga. Branco."},"content":{"rendered":"<p>Este porta-velas de cer\u00e2mica de design quadrado \u00e9 uma encantadora homenagem \u00e0 beleza arquitet\u00f3nica e cultural de M\u00e1laga, que evoca a ess\u00eancia vibrante desta cidade andaluza. Com o seu acabamento branco polido, o porta-velas destaca-se pela t\u00e9cnica de pintura \u00e0 m\u00e3o, que ilustra com grande detalhe os monumentos mais emblem\u00e1ticos de M\u00e1laga, como a famosa Plaza de la Merced e a impressionante Catedral. A representa\u00e7\u00e3o gr\u00e1fica, muito viva, n\u00e3o s\u00f3 embeleza o porta-velas, como tamb\u00e9m inclui a palavra &#8220;M\u00e1laga&#8221; impressa em cores alegres, infundindo um toque de luminosidade e calor perfeito para qualquer ambiente.<\/p>\n<p>Este porta-velas n\u00e3o \u00e9 apenas decorativo, mas tamb\u00e9m serve como uma recorda\u00e7\u00e3o aut\u00eantica que liga o utilizador \u00e0 rica hist\u00f3ria e tradi\u00e7\u00e3o da cidade. Ideal para ambientar qualquer espa\u00e7o da casa, acrescenta um toque de tradi\u00e7\u00e3o andaluza e arte local, tornando-o um excelente souvenir para turistas que procuram uma pe\u00e7a representativa da sua visita. Na Ol\u00e9 Mosaic, como distribuidores de souvenirs de cer\u00e2mica por grosso, oferecemos este porta-velas como uma op\u00e7\u00e3o \u00fanica e culturalmente significativa, perfeita para lojas de presentes tur\u00edsticos que desejem real\u00e7ar a autenticidade e beleza de M\u00e1laga na sua oferta.<\/p>\n","protected":false},"excerpt":{"rendered":"<p>Porta-velas de cer\u00e2mica de design quadrado, decorado com vistosas ilustra\u00e7\u00f5es de monumentos emblem\u00e1ticos de M\u00e1laga. Este atraente porta-velas, em cor branca, destaca-se pelo seu design artesanal, pintado \u00e0 m\u00e3o, e pelos seus vibrantes detalhes gr\u00e1ficos, incluindo a famosa Plaza de la Merced e a Catedral. A palavra &#8220;M\u00e1laga&#8221; est\u00e1 impressa em cores chamativas, conferindo um toque alegre ao ambiente. Ideal para ambientar qualquer espa\u00e7o com um toque de tradi\u00e7\u00e3o andaluza.<\/p>\n","protected":false},"featured_media":10552,"template":"","meta":{"_acf_changed":false},"product_brand":[],"product_cat":[811],"product_tag":[515],"class_list":{"0":"post-34287","1":"product","2":"type-product","3":"status-publish","4":"has-post-thumbnail","6":"product_cat-porta-velas","7":"product_tag-ceramica","8":"pa_ciudad-malaga","9":"pa_pais-espana","11":"first","12":"instock","13":"shipping-taxable","14":"product-type-simple"},"acf":[],"_links":{"self":[{"href":"https:\/\/olemosaic.orbitalia.org\/pt-pt\/wp-json\/wp\/v2\/product\/34287","targetHints":{"allow":["GET"]}}],"collection":[{"href":"https:\/\/olemosaic.orbitalia.org\/pt-pt\/wp-json\/wp\/v2\/product"}],"about":[{"href":"https:\/\/olemosaic.orbitalia.org\/pt-pt\/wp-json\/wp\/v2\/types\/product"}],"wp:featuredmedia":[{"embeddable":true,"href":"https:\/\/olemosaic.orbitalia.org\/pt-pt\/wp-json\/wp\/v2\/media\/10552"}],"wp:attachment":[{"href":"https:\/\/olemosaic.orbitalia.org\/pt-pt\/wp-json\/wp\/v2\/media?parent=34287"}],"wp:term":[{"taxonomy":"product_brand","embeddable":true,"href":"https:\/\/olemosaic.orbitalia.org\/pt-pt\/wp-json\/wp\/v2\/product_brand?post=34287"},{"taxonomy":"product_cat","embeddable":true,"href":"https:\/\/olemosaic.orbitalia.org\/pt-pt\/wp-json\/wp\/v2\/product_cat?post=34287"},{"taxonomy":"product_tag","embeddable":true,"href":"https:\/\/olemosaic.orbitalia.org\/pt-pt\/wp-json\/wp\/v2\/product_tag?post=34287"}],"curies":[{"name":"wp","href":"https:\/\/api.w.org\/{rel}","templated":true}]}}

Porta-velas de cerâmica. Málaga. Branco.

<p>Este porta-velas de cerâmica de design quadrado é uma encantadora homenagem à beleza arquitetónica e cultural de Málaga, que evoca a essência vibrante desta cidade andaluza. Com o seu acabamento branco polido, o porta-velas destaca-se pela técnica de pintura à mão, que ilustra com grande detalhe os monumentos mais emblemáticos de Málaga, como a famosa Plaza de la Merced e a impressionante Catedral. A representação gráfica, muito viva, não só embeleza o porta-velas, como também inclui a palavra &#8220;Málaga&#8221; impressa em cores alegres, infundindo um toque de luminosidade e calor perfeito para qualquer ambiente.</p>
<p>Este porta-velas não é apenas decorativo, mas também serve como uma recordação autêntica que liga o utilizador à rica história e tradição da cidade. Ideal para ambientar qualquer espaço da casa, acrescenta um toque de tradição andaluza e arte local, tornando-o um excelente souvenir para turistas que procuram uma peça representativa da sua visita. Na Olé Mosaic, como distribuidores de souvenirs de cerâmica por grosso, oferecemos este porta-velas como uma opção única e culturalmente significativa, perfeita para lojas de presentes turísticos que desejem realçar a autenticidade e beleza de Málaga na sua oferta.</p>

<p>Porta-velas de cerâmica de design quadrado, decorado com vistosas ilustrações de monumentos emblemáticos de Málaga. Este atraente porta-velas, em cor branca, destaca-se pelo seu design artesanal, pintado à mão, e pelos seus vibrantes detalhes gráficos, incluindo a famosa Plaza de la Merced e a Catedral. A palavra &#8220;Málaga&#8221; está impressa em cores chamativas, conferindo um toque alegre ao ambiente. Ideal para ambientar qualquer espaço com um toque de tradição andaluza.</p>
