{"id":33950,"date":"2025-02-20T23:33:52","date_gmt":"2025-02-20T22:33:52","guid":{"rendered":"https:\/\/olemosaic.orbitalia.org\/producto\/mug-de-ceramica-marbella-azul-95-cm\/"},"modified":"2025-07-25T18:57:06","modified_gmt":"2025-07-25T16:57:06","slug":"caneca-de-ceramica-marbella-azul-9-5-cm","status":"publish","type":"product","link":"https:\/\/olemosaic.orbitalia.org\/pt-pt\/produto\/caneca-de-ceramica-marbella-azul-9-5-cm\/","title":{"rendered":"Caneca de cer\u00e2mica. Marbella. Azul. 9,5 cm."},"content":{"rendered":"<p>Esta caneca de cer\u00e2mica decorada com uma ilustra\u00e7\u00e3o vibrante de Marbella \u00e9 a forma perfeita de levar um pedacinho do encanto andaluz para casa. Com um tamanho de 9,5 cm, esta caneca colorida apresenta um design que destaca a not\u00e1vel arquitetura de Marbella e as suas ic\u00f3nicas paredes caiadas, evocando a beleza do centro hist\u00f3rico. No exterior, os tons azuis e quentes criam um contraste visual atraente, complementado por delicados motivos florais que conferem um ar fresco e alegre. A imagem representa ruas calcetadas e varandas adornadas com flores, ligando-se \u00e0 ess\u00eancia mediterr\u00e2nica da cidade.<\/p>\n<p>O interior da caneca, de uma cor laranja chamativa, real\u00e7a ainda mais o seu car\u00e1cter alegre, transformando cada gole da sua bebida favorita numa celebra\u00e7\u00e3o do estilo de vida costeiro. Esta caneca \u00e9 mais do que um simples recipiente; \u00e9 uma recorda\u00e7\u00e3o de Marbella que captura a rica hist\u00f3ria e o calor do sul de Espanha, sendo uma excelente op\u00e7\u00e3o para turistas que procuram lembran\u00e7as aut\u00eanticas. Na Ol\u00e9 Mosaic, orgulhamo-nos de ser distribuidores de recorda\u00e7\u00f5es de cer\u00e2mica aut\u00eanticas e representativas das tradi\u00e7\u00f5es espanholas, oferecendo \u00e0s lojas de presentes tur\u00edsticos uma sele\u00e7\u00e3o ideal de produtos de qualidade. Esta caneca de cer\u00e2mica \u00e9 um exemplo perfeito do nosso compromisso com o artesanato e a autenticidade, ideal para quem deseja recordar a sua experi\u00eancia nesta bela cidade.<\/p>\n","protected":false},"excerpt":{"rendered":"<p>Caneca de cer\u00e2mica decorada com uma ilustra\u00e7\u00e3o vibrante de Marbella, que destaca a sua arquitetura caracter\u00edstica e as suas ic\u00f3nicas paredes caiadas. Com um tamanho de 9,5 cm, esta caneca colorida apresenta um belo design em tons de azul e cores quentes, incluindo motivos florais e uma representa\u00e7\u00e3o do centro hist\u00f3rico, criando um ambiente alegre. O interior da caneca \u00e9 de uma cor laranja vibrante, que contrasta perfeitamente com o exterior colorido, ideal para desfrutar da sua bebida favorita enquanto recorda a beleza do Mediterr\u00e2neo.<\/p>\n","protected":false},"featured_media":10728,"template":"","meta":{"_acf_changed":false},"product_brand":[],"product_cat":[726],"product_tag":[515],"class_list":{"0":"post-33950","1":"product","2":"type-product","3":"status-publish","4":"has-post-thumbnail","6":"product_cat-mugs","7":"product_tag-ceramica","8":"pa_ciudad-marbella","9":"pa_pais-espana","11":"first","12":"instock","13":"shipping-taxable","14":"product-type-simple"},"acf":[],"_links":{"self":[{"href":"https:\/\/olemosaic.orbitalia.org\/pt-pt\/wp-json\/wp\/v2\/product\/33950","targetHints":{"allow":["GET"]}}],"collection":[{"href":"https:\/\/olemosaic.orbitalia.org\/pt-pt\/wp-json\/wp\/v2\/product"}],"about":[{"href":"https:\/\/olemosaic.orbitalia.org\/pt-pt\/wp-json\/wp\/v2\/types\/product"}],"wp:featuredmedia":[{"embeddable":true,"href":"https:\/\/olemosaic.orbitalia.org\/pt-pt\/wp-json\/wp\/v2\/media\/10728"}],"wp:attachment":[{"href":"https:\/\/olemosaic.orbitalia.org\/pt-pt\/wp-json\/wp\/v2\/media?parent=33950"}],"wp:term":[{"taxonomy":"product_brand","embeddable":true,"href":"https:\/\/olemosaic.orbitalia.org\/pt-pt\/wp-json\/wp\/v2\/product_brand?post=33950"},{"taxonomy":"product_cat","embeddable":true,"href":"https:\/\/olemosaic.orbitalia.org\/pt-pt\/wp-json\/wp\/v2\/product_cat?post=33950"},{"taxonomy":"product_tag","embeddable":true,"href":"https:\/\/olemosaic.orbitalia.org\/pt-pt\/wp-json\/wp\/v2\/product_tag?post=33950"}],"curies":[{"name":"wp","href":"https:\/\/api.w.org\/{rel}","templated":true}]}}

Caneca de cerâmica. Marbella. Azul. 9,5 cm.

<p>Esta caneca de cerâmica decorada com uma ilustração vibrante de Marbella é a forma perfeita de levar um pedacinho do encanto andaluz para casa. Com um tamanho de 9,5 cm, esta caneca colorida apresenta um design que destaca a notável arquitetura de Marbella e as suas icónicas paredes caiadas, evocando a beleza do centro histórico. No exterior, os tons azuis e quentes criam um contraste visual atraente, complementado por delicados motivos florais que conferem um ar fresco e alegre. A imagem representa ruas calcetadas e varandas adornadas com flores, ligando-se à essência mediterrânica da cidade.</p>
<p>O interior da caneca, de uma cor laranja chamativa, realça ainda mais o seu carácter alegre, transformando cada gole da sua bebida favorita numa celebração do estilo de vida costeiro. Esta caneca é mais do que um simples recipiente; é uma recordação de Marbella que captura a rica história e o calor do sul de Espanha, sendo uma excelente opção para turistas que procuram lembranças autênticas. Na Olé Mosaic, orgulhamo-nos de ser distribuidores de recordações de cerâmica autênticas e representativas das tradições espanholas, oferecendo às lojas de presentes turísticos uma seleção ideal de produtos de qualidade. Esta caneca de cerâmica é um exemplo perfeito do nosso compromisso com o artesanato e a autenticidade, ideal para quem deseja recordar a sua experiência nesta bela cidade.</p>

<p>Caneca de cerâmica decorada com uma ilustração vibrante de Marbella, que destaca a sua arquitetura característica e as suas icónicas paredes caiadas. Com um tamanho de 9,5 cm, esta caneca colorida apresenta um belo design em tons de azul e cores quentes, incluindo motivos florais e uma representação do centro histórico, criando um ambiente alegre. O interior da caneca é de uma cor laranja vibrante, que contrasta perfeitamente com o exterior colorido, ideal para desfrutar da sua bebida favorita enquanto recorda a beleza do Mediterrâneo.</p>
