{"id":33626,"date":"2025-02-20T23:33:32","date_gmt":"2025-02-20T22:33:32","guid":{"rendered":"https:\/\/olemosaic.orbitalia.org\/producto\/llavero-de-madera-letra-v-valencia\/"},"modified":"2025-07-25T18:45:44","modified_gmt":"2025-07-25T16:45:44","slug":"porta-chaves-de-madeira-letra-v-valencia","status":"publish","type":"product","link":"https:\/\/olemosaic.orbitalia.org\/pt-pt\/produto\/porta-chaves-de-madeira-letra-v-valencia\/","title":{"rendered":"Porta-chaves de madeira. Letra V. Val\u00eancia."},"content":{"rendered":"<p>Este porta-chaves de madeira em forma de letra &#8220;V&#8221; \u00e9 uma encantadora homenagem \u00e0 vibrante cidade de Val\u00eancia, e capta a ess\u00eancia dos seus \u00edcones arquitet\u00f3nicos mais emblem\u00e1ticos. O design \u00e9 meticulosamente decorado com detalhes coloridos que representam a famosa ponte da Alameda e a futurista Cidade das Artes e das Ci\u00eancias. A t\u00e9cnica de mosaico utilizada real\u00e7a uma paleta de tons vivos de azul, vermelho e amarelo, que simbolizam a rica cultura, a criatividade e a modernidade desta impressionante cidade mediterr\u00e2nica.<\/p>\n<p>Fabricado em madeira resistente, este porta-chaves n\u00e3o \u00e9 apenas uma forma pr\u00e1tica de transportar as chaves, mas tamb\u00e9m atua como uma recorda\u00e7\u00e3o elegante que evoca mem\u00f3rias memor\u00e1veis das suas viagens a Val\u00eancia. Os elaborados motivos arquitet\u00f3nicos d\u00e3o vida ao design, enquanto a sua forma distinta real\u00e7a a inicial da cidade, tornando este porta-chaves um artigo ideal para oferecer ou como recorda\u00e7\u00e3o pessoal.<\/p>\n<p>Na Ol\u00e9 Mosaic, somos distribuidores de recorda\u00e7\u00f5es por grosso, e este porta-chaves de Val\u00eancia representa uma excelente op\u00e7\u00e3o para as lojas de presentes tur\u00edsticos que procuram oferecer produtos aut\u00eanticos e representativos da cultura espanhola. Este porta-chaves \u00e9 tamb\u00e9m uma forma perfeita de captar a ess\u00eancia de Val\u00eancia atrav\u00e9s de um objeto \u00fatil e atraente, tornando-se um presente significativo para aqueles que desejam levar um peda\u00e7o da cidade para casa.<\/p>\n","protected":false},"excerpt":{"rendered":"<p>Porta-chaves de madeira em forma de letra &#8220;V&#8221;, inspirado na vibrante cidade de Val\u00eancia. Este atraente porta-chaves apresenta um design colorido com motivos arquitet\u00f3nicos ic\u00f3nicos da cidade, incluindo elementos da famosa ponte da Alameda e da Cidade das Artes e das Ci\u00eancias. A t\u00e9cnica do mosaico e os tons vivos de azul, vermelho e amarelo refletem a rica cultura e modernidade de Val\u00eancia, tornando-o uma recorda\u00e7\u00e3o ideal.<\/p>\n","protected":false},"featured_media":10880,"template":"","meta":{"_acf_changed":false},"product_brand":[],"product_cat":[611],"product_tag":[612],"class_list":{"0":"post-33626","1":"product","2":"type-product","3":"status-publish","4":"has-post-thumbnail","6":"product_cat-porta-chaves","7":"product_tag-cartas","8":"pa_ciudad-valencia","9":"pa_motivo-letra-v","10":"pa_pais-espana","12":"first","13":"instock","14":"shipping-taxable","15":"product-type-simple"},"acf":[],"_links":{"self":[{"href":"https:\/\/olemosaic.orbitalia.org\/pt-pt\/wp-json\/wp\/v2\/product\/33626","targetHints":{"allow":["GET"]}}],"collection":[{"href":"https:\/\/olemosaic.orbitalia.org\/pt-pt\/wp-json\/wp\/v2\/product"}],"about":[{"href":"https:\/\/olemosaic.orbitalia.org\/pt-pt\/wp-json\/wp\/v2\/types\/product"}],"wp:featuredmedia":[{"embeddable":true,"href":"https:\/\/olemosaic.orbitalia.org\/pt-pt\/wp-json\/wp\/v2\/media\/10880"}],"wp:attachment":[{"href":"https:\/\/olemosaic.orbitalia.org\/pt-pt\/wp-json\/wp\/v2\/media?parent=33626"}],"wp:term":[{"taxonomy":"product_brand","embeddable":true,"href":"https:\/\/olemosaic.orbitalia.org\/pt-pt\/wp-json\/wp\/v2\/product_brand?post=33626"},{"taxonomy":"product_cat","embeddable":true,"href":"https:\/\/olemosaic.orbitalia.org\/pt-pt\/wp-json\/wp\/v2\/product_cat?post=33626"},{"taxonomy":"product_tag","embeddable":true,"href":"https:\/\/olemosaic.orbitalia.org\/pt-pt\/wp-json\/wp\/v2\/product_tag?post=33626"}],"curies":[{"name":"wp","href":"https:\/\/api.w.org\/{rel}","templated":true}]}}

Porta-chaves de madeira. Letra V. Valência.

<p>Este porta-chaves de madeira em forma de letra &#8220;V&#8221; é uma encantadora homenagem à vibrante cidade de Valência, e capta a essência dos seus ícones arquitetónicos mais emblemáticos. O design é meticulosamente decorado com detalhes coloridos que representam a famosa ponte da Alameda e a futurista Cidade das Artes e das Ciências. A técnica de mosaico utilizada realça uma paleta de tons vivos de azul, vermelho e amarelo, que simbolizam a rica cultura, a criatividade e a modernidade desta impressionante cidade mediterrânica.</p>
<p>Fabricado em madeira resistente, este porta-chaves não é apenas uma forma prática de transportar as chaves, mas também atua como uma recordação elegante que evoca memórias memoráveis das suas viagens a Valência. Os elaborados motivos arquitetónicos dão vida ao design, enquanto a sua forma distinta realça a inicial da cidade, tornando este porta-chaves um artigo ideal para oferecer ou como recordação pessoal.</p>
<p>Na Olé Mosaic, somos distribuidores de recordações por grosso, e este porta-chaves de Valência representa uma excelente opção para as lojas de presentes turísticos que procuram oferecer produtos autênticos e representativos da cultura espanhola. Este porta-chaves é também uma forma perfeita de captar a essência de Valência através de um objeto útil e atraente, tornando-se um presente significativo para aqueles que desejam levar um pedaço da cidade para casa.</p>

<p>Porta-chaves de madeira em forma de letra &#8220;V&#8221;, inspirado na vibrante cidade de Valência. Este atraente porta-chaves apresenta um design colorido com motivos arquitetónicos icónicos da cidade, incluindo elementos da famosa ponte da Alameda e da Cidade das Artes e das Ciências. A técnica do mosaico e os tons vivos de azul, vermelho e amarelo refletem a rica cultura e modernidade de Valência, tornando-o uma recordação ideal.</p>
