{"id":33477,"date":"2025-02-20T23:33:24","date_gmt":"2025-02-20T22:33:24","guid":{"rendered":"https:\/\/olemosaic.orbitalia.org\/producto\/llavero-de-madera-letra-e-valencia\/"},"modified":"2025-07-25T20:07:21","modified_gmt":"2025-07-25T18:07:21","slug":"porta-chaves-de-madeira-letra-e-valencia","status":"publish","type":"product","link":"https:\/\/olemosaic.orbitalia.org\/pt-pt\/produto\/porta-chaves-de-madeira-letra-e-valencia\/","title":{"rendered":"Porta-chaves de madeira. Letra E. Val\u00eancia."},"content":{"rendered":"<p>Este porta-chaves de madeira com a letra &#8220;E&#8221; \u00e9 uma aut\u00eantica homenagem \u00e0 vibrante cidade de Val\u00eancia. Com um design colorido que se destaca pelo seu fundo de mosaico, este porta-chaves ilustra elementos ic\u00f3nicos da arquitetura valenciana, como a emblem\u00e1tica Cidade das Artes e das Ci\u00eancias. A base preta do porta-chaves n\u00e3o s\u00f3 real\u00e7a as cores vibrantes azul, amarelo e vermelho, mas tamb\u00e9m lhe confere um toque moderno e art\u00edstico, tornando-o um acess\u00f3rio ideal para recordar a ess\u00eancia de Val\u00eancia no dia a dia.<\/p>\n<p>Cada detalhe do porta-chaves foi cuidadosamente desenhado para capturar a beleza e singularidade arquitet\u00f3nica da cidade. A letra &#8220;E&#8221; torna-se um s\u00edmbolo representativo de Val\u00eancia, ideal para quem procura uma recorda\u00e7\u00e3o aut\u00eantica e memor\u00e1vel. Este porta-chaves n\u00e3o \u00e9 apenas pr\u00e1tico para levar as chaves, mas tamb\u00e9m serve como um lembrete constante da rica cultura e do esp\u00edrito desta maravilhosa cidade.<\/p>\n<p>Na Ol\u00e9 Mosaic especializamo-nos na distribui\u00e7\u00e3o de recorda\u00e7\u00f5es por grosso, oferecendo produtos que celebram a autenticidade e o patrim\u00f3nio cultural espanhol. Este porta-chaves de Val\u00eancia \u00e9 uma excelente op\u00e7\u00e3o para lojas de presentes tur\u00edsticos que desejem oferecer artigos \u00fanicos e cheios de significado. Como grossistas de recorda\u00e7\u00f5es de Val\u00eancia, garantimos a qualidade e originalidade em cada uma das nossas pe\u00e7as.<\/p>\n","protected":false},"excerpt":{"rendered":"<p>Porta-chaves de madeira com forma da letra &#8220;E&#8221;, representando a cidade de Val\u00eancia. Este chamativo porta-chaves apresenta um design colorido, com um fundo de mosaico que ilustra elementos ic\u00f3nicos da arquitetura valenciana, como a emblem\u00e1tica Cidade das Artes e das Ci\u00eancias. A base preta real\u00e7a as vibrantes cores azul, amarelo e vermelho, proporcionando um toque moderno e art\u00edstico, ideal para recordar a ess\u00eancia de Val\u00eancia no dia a dia.<\/p>\n","protected":false},"featured_media":10863,"template":"","meta":{"_acf_changed":false},"product_brand":[],"product_cat":[611],"product_tag":[612],"class_list":{"0":"post-33477","1":"product","2":"type-product","3":"status-publish","4":"has-post-thumbnail","6":"product_cat-porta-chaves","7":"product_tag-cartas","8":"pa_ciudad-valencia","9":"pa_motivo-letra-e","10":"pa_pais-espana","12":"first","13":"instock","14":"shipping-taxable","15":"product-type-simple"},"acf":[],"_links":{"self":[{"href":"https:\/\/olemosaic.orbitalia.org\/pt-pt\/wp-json\/wp\/v2\/product\/33477","targetHints":{"allow":["GET"]}}],"collection":[{"href":"https:\/\/olemosaic.orbitalia.org\/pt-pt\/wp-json\/wp\/v2\/product"}],"about":[{"href":"https:\/\/olemosaic.orbitalia.org\/pt-pt\/wp-json\/wp\/v2\/types\/product"}],"wp:featuredmedia":[{"embeddable":true,"href":"https:\/\/olemosaic.orbitalia.org\/pt-pt\/wp-json\/wp\/v2\/media\/10863"}],"wp:attachment":[{"href":"https:\/\/olemosaic.orbitalia.org\/pt-pt\/wp-json\/wp\/v2\/media?parent=33477"}],"wp:term":[{"taxonomy":"product_brand","embeddable":true,"href":"https:\/\/olemosaic.orbitalia.org\/pt-pt\/wp-json\/wp\/v2\/product_brand?post=33477"},{"taxonomy":"product_cat","embeddable":true,"href":"https:\/\/olemosaic.orbitalia.org\/pt-pt\/wp-json\/wp\/v2\/product_cat?post=33477"},{"taxonomy":"product_tag","embeddable":true,"href":"https:\/\/olemosaic.orbitalia.org\/pt-pt\/wp-json\/wp\/v2\/product_tag?post=33477"}],"curies":[{"name":"wp","href":"https:\/\/api.w.org\/{rel}","templated":true}]}}

Porta-chaves de madeira. Letra E. Valência.

<p>Este porta-chaves de madeira com a letra &#8220;E&#8221; é uma autêntica homenagem à vibrante cidade de Valência. Com um design colorido que se destaca pelo seu fundo de mosaico, este porta-chaves ilustra elementos icónicos da arquitetura valenciana, como a emblemática Cidade das Artes e das Ciências. A base preta do porta-chaves não só realça as cores vibrantes azul, amarelo e vermelho, mas também lhe confere um toque moderno e artístico, tornando-o um acessório ideal para recordar a essência de Valência no dia a dia.</p>
<p>Cada detalhe do porta-chaves foi cuidadosamente desenhado para capturar a beleza e singularidade arquitetónica da cidade. A letra &#8220;E&#8221; torna-se um símbolo representativo de Valência, ideal para quem procura uma recordação autêntica e memorável. Este porta-chaves não é apenas prático para levar as chaves, mas também serve como um lembrete constante da rica cultura e do espírito desta maravilhosa cidade.</p>
<p>Na Olé Mosaic especializamo-nos na distribuição de recordações por grosso, oferecendo produtos que celebram a autenticidade e o património cultural espanhol. Este porta-chaves de Valência é uma excelente opção para lojas de presentes turísticos que desejem oferecer artigos únicos e cheios de significado. Como grossistas de recordações de Valência, garantimos a qualidade e originalidade em cada uma das nossas peças.</p>

<p>Porta-chaves de madeira com forma da letra &#8220;E&#8221;, representando a cidade de Valência. Este chamativo porta-chaves apresenta um design colorido, com um fundo de mosaico que ilustra elementos icónicos da arquitetura valenciana, como a emblemática Cidade das Artes e das Ciências. A base preta realça as vibrantes cores azul, amarelo e vermelho, proporcionando um toque moderno e artístico, ideal para recordar a essência de Valência no dia a dia.</p>
