{"id":32678,"date":"2025-02-20T23:32:43","date_gmt":"2025-02-20T22:32:43","guid":{"rendered":"https:\/\/olemosaic.orbitalia.org\/producto\/iman-de-metal-corazon-negro-8-cm-2\/"},"modified":"2025-07-25T22:09:44","modified_gmt":"2025-07-25T20:09:44","slug":"iman-de-metal-coracao-preto-8-cm-2","status":"publish","type":"product","link":"https:\/\/olemosaic.orbitalia.org\/pt-pt\/produto\/iman-de-metal-coracao-preto-8-cm-2\/","title":{"rendered":"\u00cdman de metal. Cora\u00e7\u00e3o. Fundo preto. 8 cm."},"content":{"rendered":"<p>Este \u00edman met\u00e1lico com forma de cora\u00e7\u00e3o \u00e9 um souvenir vibrante, perfeito para recordar momentos especiais vividos em Espanha ou Portugal. Com um tamanho de 8 cm, o seu design apresenta uma alegre composi\u00e7\u00e3o de cora\u00e7\u00f5es de diferentes tamanhos e cores que se destacam sobre um fundo preto, criando um efeito visual cativante. Os tons vermelhos, azuis e amarelos, inspirados na arte do mosaico, conferem um ar festivo e colorido, tornando este \u00edman n\u00e3o apenas um objeto decorativo, mas tamb\u00e9m uma express\u00e3o de amor e alegria.<\/p>\n<p>O distintivo &#8220;I \u2764\ufe0f&#8221; na parte superior eleva o seu apelo, tornando-o uma recorda\u00e7\u00e3o perfeita para quem desfrutou da hospitalidade e do encanto destas regi\u00f5es. O uso de motivos de mosaico n\u00e3o s\u00f3 reflete a est\u00e9tica vibrante da cultura local, como tamb\u00e9m convida os turistas a levar um pedacinho da rica tradi\u00e7\u00e3o art\u00edstica de Espanha e Portugal. Este \u00edman \u00e9 uma excelente op\u00e7\u00e3o para lojas de presentes tur\u00edsticos, pois combina funcionalidade e est\u00e9tica, sendo um representante aut\u00eantico e chamativo de souvenirs de metal. Na Ol\u00e9 Mosaic, como grossistas de \u00edmanes, garantimos qualidade e originalidade em cada um dos nossos produtos.<\/p>\n","protected":false},"excerpt":{"rendered":"<p>\u00cdman met\u00e1lico com forma de cora\u00e7\u00e3o e um design vibrante sobre fundo preto. Apresenta cora\u00e7\u00f5es de diferentes tamanhos e cores, com elementos de mosaico em tons de vermelho, azul e amarelo, que lhe conferem um aspeto chamativo. Mede 8 cm e a inscri\u00e7\u00e3o &#8220;I \u2764\ufe0f&#8221; real\u00e7a o seu apelo, tornando-o uma recorda\u00e7\u00e3o ideal para celebrar momentos especiais em Espanha ou Portugal.<\/p>\n","protected":false},"featured_media":7457,"template":"","meta":{"_acf_changed":false},"product_brand":[],"product_cat":[699],"product_tag":[],"class_list":{"0":"post-32678","1":"product","2":"type-product","3":"status-publish","4":"has-post-thumbnail","6":"product_cat-imanes","7":"pa_motivo-coracoes","9":"first","10":"instock","11":"shipping-taxable","12":"product-type-simple"},"acf":[],"_links":{"self":[{"href":"https:\/\/olemosaic.orbitalia.org\/pt-pt\/wp-json\/wp\/v2\/product\/32678","targetHints":{"allow":["GET"]}}],"collection":[{"href":"https:\/\/olemosaic.orbitalia.org\/pt-pt\/wp-json\/wp\/v2\/product"}],"about":[{"href":"https:\/\/olemosaic.orbitalia.org\/pt-pt\/wp-json\/wp\/v2\/types\/product"}],"wp:featuredmedia":[{"embeddable":true,"href":"https:\/\/olemosaic.orbitalia.org\/pt-pt\/wp-json\/wp\/v2\/media\/7457"}],"wp:attachment":[{"href":"https:\/\/olemosaic.orbitalia.org\/pt-pt\/wp-json\/wp\/v2\/media?parent=32678"}],"wp:term":[{"taxonomy":"product_brand","embeddable":true,"href":"https:\/\/olemosaic.orbitalia.org\/pt-pt\/wp-json\/wp\/v2\/product_brand?post=32678"},{"taxonomy":"product_cat","embeddable":true,"href":"https:\/\/olemosaic.orbitalia.org\/pt-pt\/wp-json\/wp\/v2\/product_cat?post=32678"},{"taxonomy":"product_tag","embeddable":true,"href":"https:\/\/olemosaic.orbitalia.org\/pt-pt\/wp-json\/wp\/v2\/product_tag?post=32678"}],"curies":[{"name":"wp","href":"https:\/\/api.w.org\/{rel}","templated":true}]}}

Íman de metal. Coração. Fundo preto. 8 cm.

<p>Este íman metálico com forma de coração é um souvenir vibrante, perfeito para recordar momentos especiais vividos em Espanha ou Portugal. Com um tamanho de 8 cm, o seu design apresenta uma alegre composição de corações de diferentes tamanhos e cores que se destacam sobre um fundo preto, criando um efeito visual cativante. Os tons vermelhos, azuis e amarelos, inspirados na arte do mosaico, conferem um ar festivo e colorido, tornando este íman não apenas um objeto decorativo, mas também uma expressão de amor e alegria.</p>
<p>O distintivo &#8220;I ❤️&#8221; na parte superior eleva o seu apelo, tornando-o uma recordação perfeita para quem desfrutou da hospitalidade e do encanto destas regiões. O uso de motivos de mosaico não só reflete a estética vibrante da cultura local, como também convida os turistas a levar um pedacinho da rica tradição artística de Espanha e Portugal. Este íman é uma excelente opção para lojas de presentes turísticos, pois combina funcionalidade e estética, sendo um representante autêntico e chamativo de souvenirs de metal. Na Olé Mosaic, como grossistas de ímanes, garantimos qualidade e originalidade em cada um dos nossos produtos.</p>

<p>Íman metálico com forma de coração e um design vibrante sobre fundo preto. Apresenta corações de diferentes tamanhos e cores, com elementos de mosaico em tons de vermelho, azul e amarelo, que lhe conferem um aspeto chamativo. Mede 8 cm e a inscrição &#8220;I ❤️&#8221; realça o seu apelo, tornando-o uma recordação ideal para celebrar momentos especiais em Espanha ou Portugal.</p>
