{"id":32549,"date":"2025-02-20T22:32:36","date_gmt":"2025-02-20T22:32:36","guid":{"rendered":"https:\/\/olemosaic.orbitalia.org\/producto\/iman-de-metal-toro-marbella-negro-8-cm\/"},"modified":"2025-07-25T20:04:57","modified_gmt":"2025-07-25T18:04:57","slug":"iman-de-metal-touro-marbella-preto-8-cm","status":"publish","type":"product","link":"https:\/\/olemosaic.orbitalia.org\/pt-pt\/produto\/iman-de-metal-touro-marbella-preto-8-cm\/","title":{"rendered":"\u00cdman de metal. Touro. Marbella. Preto. 8 cm."},"content":{"rendered":"<p>Este \u00edman met\u00e1lico de 8 cm, decorado com um vibrante touro, \u00e9 uma aut\u00eantica recorda\u00e7\u00e3o de Marbella que captura a ess\u00eancia da arte e da tradi\u00e7\u00e3o taurina espanhola. O seu design destaca-se sobre um fundo preto, criando um belo contraste que real\u00e7a o motivo central: o touro, representado com um estilizado mosaico em tons de vermelho, amarelo e laranja, que confere dinamismo e energia ao objeto. Os detalhes do design, com os seus potentes cornos e o seu olhar expressivo, evocam tanto a cultura espanhola como a figura emblem\u00e1tica do toureiro, imbu\u00eddo de um esp\u00edrito de bravura e paix\u00e3o.<\/p>\n<p>A palavra &#8220;MARBELLA&#8221; aparece num estilo moderno e chamativo, que n\u00e3o s\u00f3 confere um toque contempor\u00e2neo, como tamb\u00e9m proporciona um contexto geogr\u00e1fico perfeito para esta recorda\u00e7\u00e3o significativa. Este \u00edman, ideal para adornar o frigor\u00edfico, atua como um lembrete constante da vivacidade e da cor da vida andaluza, tornando-se uma excelente escolha para turistas e amantes da cultura espanhola.<\/p>\n<p>Na Ol\u00e9 Mosaic, como grossistas de recorda\u00e7\u00f5es aut\u00eanticas, oferecemos produtos \u00fanicos que celebram a rica heran\u00e7a cultural de diferentes regi\u00f5es. Este \u00edman de touro de Marbella \u00e9 uma op\u00e7\u00e3o ideal para lojas de presentes tur\u00edsticos que procuram artigos exclusivos e representativos, perfeitos para levar um peda\u00e7o da Andaluzia para casa.<\/p>\n","protected":false},"excerpt":{"rendered":"<p>\u00cdman met\u00e1lico de 8 cm decorado com um vibrante touro, fiel reflexo da ess\u00eancia de Marbella. Este \u00edman, com um fundo preto, apresenta um design em mosaico em tons de vermelho, amarelo e laranja que lhe conferem dinamismo e cor. A palavra &#8220;MARBELLA&#8221; est\u00e1 impressa com uma tipografia moderna, adicionando um toque contempor\u00e2neo. Ideal para evocar a tradi\u00e7\u00e3o taurina espanhola enquanto adorna o seu frigor\u00edfico ou qualquer outro espa\u00e7o.<\/p>\n","protected":false},"featured_media":9985,"template":"","meta":{"_acf_changed":false},"product_brand":[],"product_cat":[699],"product_tag":[516],"class_list":{"0":"post-32549","1":"product","2":"type-product","3":"status-publish","4":"has-post-thumbnail","6":"product_cat-imanes","7":"product_tag-animais","8":"pa_ciudad-marbella","9":"pa_motivo-touros","10":"pa_pais-espana","12":"first","13":"instock","14":"shipping-taxable","15":"product-type-simple"},"acf":[],"_links":{"self":[{"href":"https:\/\/olemosaic.orbitalia.org\/pt-pt\/wp-json\/wp\/v2\/product\/32549","targetHints":{"allow":["GET"]}}],"collection":[{"href":"https:\/\/olemosaic.orbitalia.org\/pt-pt\/wp-json\/wp\/v2\/product"}],"about":[{"href":"https:\/\/olemosaic.orbitalia.org\/pt-pt\/wp-json\/wp\/v2\/types\/product"}],"wp:featuredmedia":[{"embeddable":true,"href":"https:\/\/olemosaic.orbitalia.org\/pt-pt\/wp-json\/wp\/v2\/media\/9985"}],"wp:attachment":[{"href":"https:\/\/olemosaic.orbitalia.org\/pt-pt\/wp-json\/wp\/v2\/media?parent=32549"}],"wp:term":[{"taxonomy":"product_brand","embeddable":true,"href":"https:\/\/olemosaic.orbitalia.org\/pt-pt\/wp-json\/wp\/v2\/product_brand?post=32549"},{"taxonomy":"product_cat","embeddable":true,"href":"https:\/\/olemosaic.orbitalia.org\/pt-pt\/wp-json\/wp\/v2\/product_cat?post=32549"},{"taxonomy":"product_tag","embeddable":true,"href":"https:\/\/olemosaic.orbitalia.org\/pt-pt\/wp-json\/wp\/v2\/product_tag?post=32549"}],"curies":[{"name":"wp","href":"https:\/\/api.w.org\/{rel}","templated":true}]}}

Íman de metal. Touro. Marbella. Preto. 8 cm.

<p>Este íman metálico de 8 cm, decorado com um vibrante touro, é uma autêntica recordação de Marbella que captura a essência da arte e da tradição taurina espanhola. O seu design destaca-se sobre um fundo preto, criando um belo contraste que realça o motivo central: o touro, representado com um estilizado mosaico em tons de vermelho, amarelo e laranja, que confere dinamismo e energia ao objeto. Os detalhes do design, com os seus potentes cornos e o seu olhar expressivo, evocam tanto a cultura espanhola como a figura emblemática do toureiro, imbuído de um espírito de bravura e paixão.</p>
<p>A palavra &#8220;MARBELLA&#8221; aparece num estilo moderno e chamativo, que não só confere um toque contemporâneo, como também proporciona um contexto geográfico perfeito para esta recordação significativa. Este íman, ideal para adornar o frigorífico, atua como um lembrete constante da vivacidade e da cor da vida andaluza, tornando-se uma excelente escolha para turistas e amantes da cultura espanhola.</p>
<p>Na Olé Mosaic, como grossistas de recordações autênticas, oferecemos produtos únicos que celebram a rica herança cultural de diferentes regiões. Este íman de touro de Marbella é uma opção ideal para lojas de presentes turísticos que procuram artigos exclusivos e representativos, perfeitos para levar um pedaço da Andaluzia para casa.</p>

<p>Íman metálico de 8 cm decorado com um vibrante touro, fiel reflexo da essência de Marbella. Este íman, com um fundo preto, apresenta um design em mosaico em tons de vermelho, amarelo e laranja que lhe conferem dinamismo e cor. A palavra &#8220;MARBELLA&#8221; está impressa com uma tipografia moderna, adicionando um toque contemporâneo. Ideal para evocar a tradição taurina espanhola enquanto adorna o seu frigorífico ou qualquer outro espaço.</p>
