{"id":32340,"date":"2025-02-20T22:32:26","date_gmt":"2025-02-20T22:32:26","guid":{"rendered":"https:\/\/olemosaic.orbitalia.org\/producto\/iman-de-metal-salamandra-gran-canaria-negro-8-cm\/"},"modified":"2025-07-25T19:28:20","modified_gmt":"2025-07-25T17:28:20","slug":"iman-de-metal-salamandra-gran-canaria-preto-8-cm","status":"publish","type":"product","link":"https:\/\/olemosaic.orbitalia.org\/pt-pt\/produto\/iman-de-metal-salamandra-gran-canaria-preto-8-cm\/","title":{"rendered":"\u00cdman de metal. Salamandra. Gran Canaria. Preto. 8 cm."},"content":{"rendered":"<p>Este \u00edman met\u00e1lico de 8 cm \u00e9 uma vibrante homenagem \u00e0 fauna t\u00edpica de Gran Canaria, com uma chamativa representa\u00e7\u00e3o de uma salamandra que captura a ess\u00eancia da rica biodiversidade can\u00e1ria. O seu design destaca-se pela combina\u00e7\u00e3o de cores azuis, verdes e amarelas, real\u00e7adas por um fundo preto que permite que a figura do r\u00e9ptil sobressaia de forma impressionante. Na parte superior, o texto \u201cGRAN CANARIA\u201d aparece em letras multicoloridas, complementando e adicionando um toque alegre ao conjunto visual do \u00edman.<\/p>\n<p>Este \u00edman n\u00e3o \u00e9 apenas um s\u00edmbolo da beleza natural de Gran Canaria, mas tamb\u00e9m uma recorda\u00e7\u00e3o aut\u00eantica que reflete a cultura local e a sua heran\u00e7a natural. As salamandras s\u00e3o um \u00edcone da fauna can\u00e1ria e da sua diversidade, representando o esp\u00edrito vibrante e a riqueza natural das ilhas. Com o seu design art\u00edstico e a sua liga\u00e7\u00e3o cultural, este \u00edman \u00e9 uma excelente op\u00e7\u00e3o para os turistas que procuram lembran\u00e7as de qualidade que sejam representativas da sua viagem.<\/p>\n<p>Na Ol\u00e9 Mosaic, dedicamo-nos \u00e0 distribui\u00e7\u00e3o de lembran\u00e7as por grosso, oferecendo artigos aut\u00eanticos e atraentes como este \u00edman de salamandra. \u00c9 uma op\u00e7\u00e3o perfeita para lojas de presentes tur\u00edsticos que desejem proporcionar aos seus clientes recorda\u00e7\u00f5es \u00fanicas e significativas de Gran Canaria. Como grossista de lembran\u00e7as, garantimos um produto que combina beleza, qualidade e relev\u00e2ncia cultural.<\/p>\n","protected":false},"excerpt":{"rendered":"<p>\u00cdman met\u00e1lico de 8 cm, adornado com uma colorida salamandra, representativa da fauna de Gran Canaria. Este \u00edman apresenta um design vibrante em tons azuis, verdes e amarelos, com um fundo preto que real\u00e7a a figura do r\u00e9ptil. Inclui o texto \u201cGRAN CANARIA\u201d em letras multicoloridas na parte superior, complementando a est\u00e9tica do produto. Ideal para recordar a beleza natural das Ilhas Can\u00e1rias.<\/p>\n","protected":false},"featured_media":12875,"template":"","meta":{"_acf_changed":false},"product_brand":[],"product_cat":[699],"product_tag":[516],"class_list":{"0":"post-32340","1":"product","2":"type-product","3":"status-publish","4":"has-post-thumbnail","6":"product_cat-imanes","7":"product_tag-animais","8":"pa_ciudad-gran-canaria","9":"pa_motivo-salamandras","10":"pa_pais-espana","12":"first","13":"instock","14":"shipping-taxable","15":"product-type-simple"},"acf":[],"_links":{"self":[{"href":"https:\/\/olemosaic.orbitalia.org\/pt-pt\/wp-json\/wp\/v2\/product\/32340","targetHints":{"allow":["GET"]}}],"collection":[{"href":"https:\/\/olemosaic.orbitalia.org\/pt-pt\/wp-json\/wp\/v2\/product"}],"about":[{"href":"https:\/\/olemosaic.orbitalia.org\/pt-pt\/wp-json\/wp\/v2\/types\/product"}],"wp:featuredmedia":[{"embeddable":true,"href":"https:\/\/olemosaic.orbitalia.org\/pt-pt\/wp-json\/wp\/v2\/media\/12875"}],"wp:attachment":[{"href":"https:\/\/olemosaic.orbitalia.org\/pt-pt\/wp-json\/wp\/v2\/media?parent=32340"}],"wp:term":[{"taxonomy":"product_brand","embeddable":true,"href":"https:\/\/olemosaic.orbitalia.org\/pt-pt\/wp-json\/wp\/v2\/product_brand?post=32340"},{"taxonomy":"product_cat","embeddable":true,"href":"https:\/\/olemosaic.orbitalia.org\/pt-pt\/wp-json\/wp\/v2\/product_cat?post=32340"},{"taxonomy":"product_tag","embeddable":true,"href":"https:\/\/olemosaic.orbitalia.org\/pt-pt\/wp-json\/wp\/v2\/product_tag?post=32340"}],"curies":[{"name":"wp","href":"https:\/\/api.w.org\/{rel}","templated":true}]}}

Íman de metal. Salamandra. Gran Canaria. Preto. 8 cm.

<p>Este íman metálico de 8 cm é uma vibrante homenagem à fauna típica de Gran Canaria, com uma chamativa representação de uma salamandra que captura a essência da rica biodiversidade canária. O seu design destaca-se pela combinação de cores azuis, verdes e amarelas, realçadas por um fundo preto que permite que a figura do réptil sobressaia de forma impressionante. Na parte superior, o texto “GRAN CANARIA” aparece em letras multicoloridas, complementando e adicionando um toque alegre ao conjunto visual do íman.</p>
<p>Este íman não é apenas um símbolo da beleza natural de Gran Canaria, mas também uma recordação autêntica que reflete a cultura local e a sua herança natural. As salamandras são um ícone da fauna canária e da sua diversidade, representando o espírito vibrante e a riqueza natural das ilhas. Com o seu design artístico e a sua ligação cultural, este íman é uma excelente opção para os turistas que procuram lembranças de qualidade que sejam representativas da sua viagem.</p>
<p>Na Olé Mosaic, dedicamo-nos à distribuição de lembranças por grosso, oferecendo artigos autênticos e atraentes como este íman de salamandra. É uma opção perfeita para lojas de presentes turísticos que desejem proporcionar aos seus clientes recordações únicas e significativas de Gran Canaria. Como grossista de lembranças, garantimos um produto que combina beleza, qualidade e relevância cultural.</p>

<p>Íman metálico de 8 cm, adornado com uma colorida salamandra, representativa da fauna de Gran Canaria. Este íman apresenta um design vibrante em tons azuis, verdes e amarelos, com um fundo preto que realça a figura do réptil. Inclui o texto “GRAN CANARIA” em letras multicoloridas na parte superior, complementando a estética do produto. Ideal para recordar a beleza natural das Ilhas Canárias.</p>
