{"id":32091,"date":"2025-02-20T23:32:17","date_gmt":"2025-02-20T22:32:17","guid":{"rendered":"https:\/\/olemosaic.orbitalia.org\/producto\/iman-de-metal-bailaora-alicante-8-cm\/"},"modified":"2025-07-25T20:32:10","modified_gmt":"2025-07-25T18:32:10","slug":"iman-de-metal-bailarina-flamenco-alicante-8-cm","status":"publish","type":"product","link":"https:\/\/olemosaic.orbitalia.org\/pt-pt\/produto\/iman-de-metal-bailarina-flamenco-alicante-8-cm\/","title":{"rendered":"\u00cdman de metal. Bailarina de Flamenco. Alicante. 8 cm."},"content":{"rendered":"<p>Este \u00edman met\u00e1lico, com a figura de uma elegante bailarina de flamenco, \u00e9 uma recorda\u00e7\u00e3o distinta de Alicante, concebido para capturar a vibrante ess\u00eancia cultural desta bela cidade mediterr\u00e2nica. Com um tamanho de 8 cm, este produto apresenta um colorido mosaico que destaca a figura da bailarina, vestida com um traje tradicional adornado com uma chamativa paleta de cores que simbolizam a rica heran\u00e7a art\u00edstica da regi\u00e3o. A bailarina, em pleno movimento, evoca a gra\u00e7a e a paix\u00e3o do flamenco, um elemento central da cultura espanhola, enquanto o fundo azul, inspirado nas cer\u00e2micas t\u00edpicas de Alicante, confere um toque de frescura e autenticidade ao design.<\/p>\n<p>A palavra &#8220;ALICANTE&#8221; \u00e9 exibida em letras destacadas, fazendo deste \u00edman uma recorda\u00e7\u00e3o perfeita para turistas que desejem levar para casa um peda\u00e7o da hist\u00f3ria e do folclore local. Esta recorda\u00e7\u00e3o n\u00e3o s\u00f3 embelezar\u00e1 qualquer superf\u00edcie met\u00e1lica, como tamb\u00e9m servir\u00e1 como um lembrete tang\u00edvel da beleza e do calor do povo de Alicante.<\/p>\n<p>Na Ol\u00e9 Mosaic, especializamo-nos na distribui\u00e7\u00e3o de recorda\u00e7\u00f5es por grosso, e este \u00edman de bailarina \u00e9 uma op\u00e7\u00e3o ideal para lojas de presentes tur\u00edsticos que procuram oferecer produtos aut\u00eanticos e representativos de Espanha. Com um design que combina artesanato e cultura, este \u00edman posiciona-se como um excelente presente para aqueles que desejam levar uma recorda\u00e7\u00e3o memor\u00e1vel da sua visita a Alicante.<\/p>\n","protected":false},"excerpt":{"rendered":"<p>\u00cdman met\u00e1lico com uma elegante bailarina de flamenco representada numa colorida paleta de mosaico, evocando a ess\u00eancia de Alicante. Este \u00edman, de 8 cm, destaca-se pelo seu design artesanal, pintado \u00e0 m\u00e3o, com cores chamativas que adornam o traje tradicional da bailarina. A figura ergue-se sobre um fundo azul que recorda as cer\u00e2micas t\u00edpicas da regi\u00e3o, complementado com a palavra &#8220;ALICANTE&#8221; em letras destacadas, tornando este \u00edman uma recorda\u00e7\u00e3o perfeita para recordar a riqueza cultural da localidade.<\/p>\n","protected":false},"featured_media":10558,"template":"","meta":{"_acf_changed":false},"product_brand":[],"product_cat":[699],"product_tag":[],"class_list":{"0":"post-32091","1":"product","2":"type-product","3":"status-publish","4":"has-post-thumbnail","6":"product_cat-imanes","7":"pa_ciudad-alicante","8":"pa_motivo-dancarinos","9":"pa_pais-espana","11":"first","12":"instock","13":"shipping-taxable","14":"product-type-simple"},"acf":[],"_links":{"self":[{"href":"https:\/\/olemosaic.orbitalia.org\/pt-pt\/wp-json\/wp\/v2\/product\/32091","targetHints":{"allow":["GET"]}}],"collection":[{"href":"https:\/\/olemosaic.orbitalia.org\/pt-pt\/wp-json\/wp\/v2\/product"}],"about":[{"href":"https:\/\/olemosaic.orbitalia.org\/pt-pt\/wp-json\/wp\/v2\/types\/product"}],"wp:featuredmedia":[{"embeddable":true,"href":"https:\/\/olemosaic.orbitalia.org\/pt-pt\/wp-json\/wp\/v2\/media\/10558"}],"wp:attachment":[{"href":"https:\/\/olemosaic.orbitalia.org\/pt-pt\/wp-json\/wp\/v2\/media?parent=32091"}],"wp:term":[{"taxonomy":"product_brand","embeddable":true,"href":"https:\/\/olemosaic.orbitalia.org\/pt-pt\/wp-json\/wp\/v2\/product_brand?post=32091"},{"taxonomy":"product_cat","embeddable":true,"href":"https:\/\/olemosaic.orbitalia.org\/pt-pt\/wp-json\/wp\/v2\/product_cat?post=32091"},{"taxonomy":"product_tag","embeddable":true,"href":"https:\/\/olemosaic.orbitalia.org\/pt-pt\/wp-json\/wp\/v2\/product_tag?post=32091"}],"curies":[{"name":"wp","href":"https:\/\/api.w.org\/{rel}","templated":true}]}}

Íman de metal. Bailarina de Flamenco. Alicante. 8 cm.

<p>Este íman metálico, com a figura de uma elegante bailarina de flamenco, é uma recordação distinta de Alicante, concebido para capturar a vibrante essência cultural desta bela cidade mediterrânica. Com um tamanho de 8 cm, este produto apresenta um colorido mosaico que destaca a figura da bailarina, vestida com um traje tradicional adornado com uma chamativa paleta de cores que simbolizam a rica herança artística da região. A bailarina, em pleno movimento, evoca a graça e a paixão do flamenco, um elemento central da cultura espanhola, enquanto o fundo azul, inspirado nas cerâmicas típicas de Alicante, confere um toque de frescura e autenticidade ao design.</p>
<p>A palavra &#8220;ALICANTE&#8221; é exibida em letras destacadas, fazendo deste íman uma recordação perfeita para turistas que desejem levar para casa um pedaço da história e do folclore local. Esta recordação não só embelezará qualquer superfície metálica, como também servirá como um lembrete tangível da beleza e do calor do povo de Alicante.</p>
<p>Na Olé Mosaic, especializamo-nos na distribuição de recordações por grosso, e este íman de bailarina é uma opção ideal para lojas de presentes turísticos que procuram oferecer produtos autênticos e representativos de Espanha. Com um design que combina artesanato e cultura, este íman posiciona-se como um excelente presente para aqueles que desejam levar uma recordação memorável da sua visita a Alicante.</p>

<p>Íman metálico com uma elegante bailarina de flamenco representada numa colorida paleta de mosaico, evocando a essência de Alicante. Este íman, de 8 cm, destaca-se pelo seu design artesanal, pintado à mão, com cores chamativas que adornam o traje tradicional da bailarina. A figura ergue-se sobre um fundo azul que recorda as cerâmicas típicas da região, complementado com a palavra &#8220;ALICANTE&#8221; em letras destacadas, tornando este íman uma recordação perfeita para recordar a riqueza cultural da localidade.</p>
