{"id":28606,"date":"2025-02-20T23:29:47","date_gmt":"2025-02-20T22:29:47","guid":{"rendered":"https:\/\/olemosaic.orbitalia.org\/producto\/bol-de-coco-azul-caballito-de-mar-menorca\/"},"modified":"2025-07-25T18:43:56","modified_gmt":"2025-07-25T16:43:56","slug":"taca-de-coco-azul-cavalo-marinho-menorca","status":"publish","type":"product","link":"https:\/\/olemosaic.orbitalia.org\/pt-pt\/produto\/taca-de-coco-azul-cavalo-marinho-menorca\/","title":{"rendered":"Ta\u00e7a de coco azul. Cavalo-marinho. Menorca."},"content":{"rendered":"<p>Esta ta\u00e7a de coco azul, decorada com um simp\u00e1tico cavalo-marinho, \u00e9 uma representa\u00e7\u00e3o requintada do encanto mediterr\u00e2nico de Menorca. Elaborada de forma artesanal, destaca-se pelo seu design vibrante pintado \u00e0 m\u00e3o em diversos tons de azul que evocam as profundezas do mar, rodeado por uma elegante borda escura que real\u00e7a a sua beleza. No centro, o cavalo-marinho, \u00edcone da fauna marinha, adiciona um toque l\u00fadico e distintivo, enquanto a inscri\u00e7\u00e3o \u201cMENORCA\u201d refor\u00e7a a sua liga\u00e7\u00e3o com a regi\u00e3o. Esta ta\u00e7a n\u00e3o s\u00f3 cumpre uma fun\u00e7\u00e3o decorativa, como tamb\u00e9m \u00e9 uma representa\u00e7\u00e3o cultural da rica biodiversidade que caracteriza as Ilhas Baleares.<\/p>\n<p>O uso do coco no seu fabrico confere um matiz aut\u00eantico e natural, tornando-o um excelente souvenir para quem procura levar um peda\u00e7o da ess\u00eancia de Menorca. O seu design atraente e a sua liga\u00e7\u00e3o com a natureza tornam-no um presente ideal para turistas e para quem deseja introduzir um ar mediterr\u00e2nico na sua casa. Na Ol\u00e9 Mosaic, somos especialistas na distribui\u00e7\u00e3o de souvenirs por grosso, e esta ta\u00e7a de coco \u00e9 uma op\u00e7\u00e3o perfeita para lojas de presentes tur\u00edsticos que procuram oferecer produtos de qualidade que celebrem a cultura local.<\/p>\n","protected":false},"excerpt":{"rendered":"<p>Ta\u00e7a de coco azul decorada com um simp\u00e1tico cavalo-marinho, que representa a beleza marinha de Menorca. Este produto artesanal destaca-se pelo seu design artesanal, pintado \u00e0 m\u00e3o, em variados tons de azul, complementado por uma borda escura que real\u00e7a a sua eleg\u00e2ncia. No centro, o cavalo-marinho, distintivo do Mediterr\u00e2neo, \u00e9 acompanhado pelo texto &#8220;MENORCA&#8221;, criando uma pe\u00e7a tanto decorativa como representativa da cultura local. Ideal como recorda\u00e7\u00e3o ou para dar um toque mediterr\u00e2nico a qualquer casa.<\/p>\n","protected":false},"featured_media":11905,"template":"","meta":{"_acf_changed":false},"product_brand":[],"product_cat":[513],"product_tag":[516],"class_list":{"0":"post-28606","1":"product","2":"type-product","3":"status-publish","4":"has-post-thumbnail","6":"product_cat-bols","7":"product_tag-animais","8":"pa_ciudad-menorca","9":"pa_motivo-cavalos-marinhos","10":"pa_pais-espana","12":"first","13":"instock","14":"shipping-taxable","15":"product-type-simple"},"acf":[],"_links":{"self":[{"href":"https:\/\/olemosaic.orbitalia.org\/pt-pt\/wp-json\/wp\/v2\/product\/28606","targetHints":{"allow":["GET"]}}],"collection":[{"href":"https:\/\/olemosaic.orbitalia.org\/pt-pt\/wp-json\/wp\/v2\/product"}],"about":[{"href":"https:\/\/olemosaic.orbitalia.org\/pt-pt\/wp-json\/wp\/v2\/types\/product"}],"wp:featuredmedia":[{"embeddable":true,"href":"https:\/\/olemosaic.orbitalia.org\/pt-pt\/wp-json\/wp\/v2\/media\/11905"}],"wp:attachment":[{"href":"https:\/\/olemosaic.orbitalia.org\/pt-pt\/wp-json\/wp\/v2\/media?parent=28606"}],"wp:term":[{"taxonomy":"product_brand","embeddable":true,"href":"https:\/\/olemosaic.orbitalia.org\/pt-pt\/wp-json\/wp\/v2\/product_brand?post=28606"},{"taxonomy":"product_cat","embeddable":true,"href":"https:\/\/olemosaic.orbitalia.org\/pt-pt\/wp-json\/wp\/v2\/product_cat?post=28606"},{"taxonomy":"product_tag","embeddable":true,"href":"https:\/\/olemosaic.orbitalia.org\/pt-pt\/wp-json\/wp\/v2\/product_tag?post=28606"}],"curies":[{"name":"wp","href":"https:\/\/api.w.org\/{rel}","templated":true}]}}

Taça de coco azul. Cavalo-marinho. Menorca.

<p>Esta taça de coco azul, decorada com um simpático cavalo-marinho, é uma representação requintada do encanto mediterrânico de Menorca. Elaborada de forma artesanal, destaca-se pelo seu design vibrante pintado à mão em diversos tons de azul que evocam as profundezas do mar, rodeado por uma elegante borda escura que realça a sua beleza. No centro, o cavalo-marinho, ícone da fauna marinha, adiciona um toque lúdico e distintivo, enquanto a inscrição “MENORCA” reforça a sua ligação com a região. Esta taça não só cumpre uma função decorativa, como também é uma representação cultural da rica biodiversidade que caracteriza as Ilhas Baleares.</p>
<p>O uso do coco no seu fabrico confere um matiz autêntico e natural, tornando-o um excelente souvenir para quem procura levar um pedaço da essência de Menorca. O seu design atraente e a sua ligação com a natureza tornam-no um presente ideal para turistas e para quem deseja introduzir um ar mediterrânico na sua casa. Na Olé Mosaic, somos especialistas na distribuição de souvenirs por grosso, e esta taça de coco é uma opção perfeita para lojas de presentes turísticos que procuram oferecer produtos de qualidade que celebrem a cultura local.</p>

<p>Taça de coco azul decorada com um simpático cavalo-marinho, que representa a beleza marinha de Menorca. Este produto artesanal destaca-se pelo seu design artesanal, pintado à mão, em variados tons de azul, complementado por uma borda escura que realça a sua elegância. No centro, o cavalo-marinho, distintivo do Mediterrâneo, é acompanhado pelo texto &#8220;MENORCA&#8221;, criando uma peça tanto decorativa como representativa da cultura local. Ideal como recordação ou para dar um toque mediterrânico a qualquer casa.</p>
