{"id":23840,"date":"2025-02-20T23:31:47","date_gmt":"2025-02-20T22:31:47","guid":{"rendered":"https:\/\/olemosaic.orbitalia.org\/producto\/taca-de-coco-vermelho-bailarina-arte-flamenca\/"},"modified":"2025-02-20T23:31:47","modified_gmt":"2025-02-20T22:31:47","slug":"taca-de-coco-vermelho-bailarina-arte-flamenca","status":"publish","type":"product","link":"https:\/\/olemosaic.orbitalia.org\/pt-pt\/produto\/taca-de-coco-vermelho-bailarina-arte-flamenca\/","title":{"rendered":"Ta\u00e7a de coco vermelho. Bailarina.  Arte Flamenca."},"content":{"rendered":"<p>Esta encantadora ta\u00e7a de coco vermelha \u00e9 uma pe\u00e7a aut\u00eantica e vibrante que incorpora a ess\u00eancia do folclore espanhol, ideal para decorar qualquer espa\u00e7o ou como um presente significativo. A sua cor vermelha intensa, complementada com delicados pormenores a preto, destaca a figura de uma bailarina de flamenco. A representa\u00e7\u00e3o da bailarina, pintada com uma t\u00e9cnica refinada, capta o seu movimento e gra\u00e7a, evocando a paix\u00e3o e a energia do flamenco, uma arte profundamente enraizada na cultura andaluza.  <\/p>\n<p>O design da ta\u00e7a inclui uma alegre decora\u00e7\u00e3o de cora\u00e7\u00f5es nos bordos, o que lhe d\u00e1 um toque festivo, tornando-a um excelente pormenor decorativo para a casa. Al\u00e9m disso, a sua forma org\u00e2nica e elegante real\u00e7a o car\u00e1cter artesanal do produto, reafirmando a sua autenticidade como lembran\u00e7a representativa de Espanha. Esta ta\u00e7a n\u00e3o \u00e9 apenas uma pe\u00e7a decorativa, mas tamb\u00e9m pode ser utilizada para servir comida ou como centro de mesa, tornando-a num verdadeiro di\u00e1logo cultural em qualquer reuni\u00e3o.  <\/p>\n<p>Na Ol\u00e9 MOSAIC oferecemos-te esta tigela de coco vermelha decorada como parte da nossa cole\u00e7\u00e3o de souvenirs por atacado, perfeita para lojas de presentes tur\u00edsticos que procuram produtos de qualidade que celebrem o rico patrim\u00f3nio cultural espanhol. Esta ta\u00e7a bailaora \u00e9 a escolha ideal para quem procura lembran\u00e7as aut\u00eanticas e apelativas para enriquecer a experi\u00eancia dos seus clientes. <\/p>\n","protected":false},"excerpt":{"rendered":"<p>Ta\u00e7a de coco vermelha decorada com a elegante figura de uma dan\u00e7arina de flamenco. Esta atraente ta\u00e7a apresenta uma cor vermelha vibrante com detalhes em preto, complementada por um desenho de cora\u00e7\u00e3o que real\u00e7a o seu estilo festivo. A bailarina \u00e9 pintada com uma t\u00e9cnica refinada que real\u00e7a o seu movimento e gra\u00e7a, evocando o esp\u00edrito aut\u00eantico do flamenco. Ideal para decorar a tua casa ou como presente, um verdadeiro s\u00edmbolo do folclore espanhol.   <\/p>\n","protected":false},"featured_media":13471,"template":"","meta":{"_acf_changed":false},"product_brand":[],"product_cat":[513],"product_tag":[],"class_list":{"0":"post-23840","1":"product","2":"type-product","3":"status-publish","4":"has-post-thumbnail","6":"product_cat-bols","7":"pa_motivo-dancarinos","9":"first","10":"instock","11":"shipping-taxable","12":"product-type-simple"},"acf":[],"_links":{"self":[{"href":"https:\/\/olemosaic.orbitalia.org\/pt-pt\/wp-json\/wp\/v2\/product\/23840","targetHints":{"allow":["GET"]}}],"collection":[{"href":"https:\/\/olemosaic.orbitalia.org\/pt-pt\/wp-json\/wp\/v2\/product"}],"about":[{"href":"https:\/\/olemosaic.orbitalia.org\/pt-pt\/wp-json\/wp\/v2\/types\/product"}],"wp:featuredmedia":[{"embeddable":true,"href":"https:\/\/olemosaic.orbitalia.org\/pt-pt\/wp-json\/wp\/v2\/media\/13471"}],"wp:attachment":[{"href":"https:\/\/olemosaic.orbitalia.org\/pt-pt\/wp-json\/wp\/v2\/media?parent=23840"}],"wp:term":[{"taxonomy":"product_brand","embeddable":true,"href":"https:\/\/olemosaic.orbitalia.org\/pt-pt\/wp-json\/wp\/v2\/product_brand?post=23840"},{"taxonomy":"product_cat","embeddable":true,"href":"https:\/\/olemosaic.orbitalia.org\/pt-pt\/wp-json\/wp\/v2\/product_cat?post=23840"},{"taxonomy":"product_tag","embeddable":true,"href":"https:\/\/olemosaic.orbitalia.org\/pt-pt\/wp-json\/wp\/v2\/product_tag?post=23840"}],"curies":[{"name":"wp","href":"https:\/\/api.w.org\/{rel}","templated":true}]}}

Taça de coco vermelho. Bailarina.  Arte Flamenca.

<p>Esta encantadora taça de coco vermelha é uma peça autêntica e vibrante que incorpora a essência do folclore espanhol, ideal para decorar qualquer espaço ou como um presente significativo. A sua cor vermelha intensa, complementada com delicados pormenores a preto, destaca a figura de uma bailarina de flamenco. A representação da bailarina, pintada com uma técnica refinada, capta o seu movimento e graça, evocando a paixão e a energia do flamenco, uma arte profundamente enraizada na cultura andaluza.  </p>
<p>O design da taça inclui uma alegre decoração de corações nos bordos, o que lhe dá um toque festivo, tornando-a um excelente pormenor decorativo para a casa. Além disso, a sua forma orgânica e elegante realça o carácter artesanal do produto, reafirmando a sua autenticidade como lembrança representativa de Espanha. Esta taça não é apenas uma peça decorativa, mas também pode ser utilizada para servir comida ou como centro de mesa, tornando-a num verdadeiro diálogo cultural em qualquer reunião.  </p>
<p>Na Olé MOSAIC oferecemos-te esta tigela de coco vermelha decorada como parte da nossa coleção de souvenirs por atacado, perfeita para lojas de presentes turísticos que procuram produtos de qualidade que celebrem o rico património cultural espanhol. Esta taça bailaora é a escolha ideal para quem procura lembranças autênticas e apelativas para enriquecer a experiência dos seus clientes. </p>

<p>Taça de coco vermelha decorada com a elegante figura de uma dançarina de flamenco. Esta atraente taça apresenta uma cor vermelha vibrante com detalhes em preto, complementada por um desenho de coração que realça o seu estilo festivo. A bailarina é pintada com uma técnica refinada que realça o seu movimento e graça, evocando o espírito autêntico do flamenco. Ideal para decorar a tua casa ou como presente, um verdadeiro símbolo do folclore espanhol.   </p>
