{"id":31575,"date":"2025-02-20T22:33:24","date_gmt":"2025-02-20T22:33:24","guid":{"rendered":"https:\/\/olemosaic.orbitalia.org\/producto\/llavero-de-madera-letra-e\/"},"modified":"2025-07-25T20:17:46","modified_gmt":"2025-07-25T18:17:46","slug":"porte-cles-en-bois-lettre-e","status":"publish","type":"product","link":"https:\/\/olemosaic.orbitalia.org\/fr\/produit\/porte-cles-en-bois-lettre-e\/","title":{"rendered":"Porte-cl\u00e9s en bois. Lettre E."},"content":{"rendered":"<p>Ce porte-cl\u00e9s en bois en forme de lettre \u00ab\u00a0E\u00a0\u00bb est un accessoire fonctionnel et attrayant, id\u00e9al pour personnaliser vos cl\u00e9s ou pour offrir. \u00c9labor\u00e9 avec soin en bois, il se distingue par son design vibrant, orn\u00e9 de motifs floraux color\u00e9s dans des tons rouges, bleus et jaunes qui \u00e9voquent la riche tradition artistique de la c\u00e9ramique espagnole. Les d\u00e9tails complexes et les couleurs vives apportent non seulement une touche unique, mais refl\u00e8tent \u00e9galement l&rsquo;h\u00e9ritage culturel de l&rsquo;art populaire, mettant en relief le savoir-faire des artisans qui ont transmis ces techniques au fil des g\u00e9n\u00e9rations.<\/p>\n<p>Le porte-cl\u00e9s, qui allie fonctionnalit\u00e9 et style, est un souvenir repr\u00e9sentatif qui enchantera ceux qui recherchent un objet significatif lors de leur visite en Espagne. Sa forme distinctive de lettre \u00ab\u00a0E\u00a0\u00bb en fait une option personnalis\u00e9e parfaite, pouvant symboliser l&rsquo;initiale d&rsquo;un nom ou \u00eatre un rappel amusant d&rsquo;une exp\u00e9rience m\u00e9morable.<\/p>\n<p>Chez Ol\u00e9 Mosaic nous nous consacrons \u00e0 la distribution en gros de souvenirs de qualit\u00e9, et ce porte-cl\u00e9s en bois est un excellent ajout pour les boutiques de cadeaux touristiques souhaitant proposer des produits authentiques et pleins de charme. Ce porte-cl\u00e9s n&rsquo;est pas seulement pratique, il offre \u00e9galement un morceau de culture espagnole, \u00e9tant le cadeau parfait pour ceux qui recherchent quelque chose de sp\u00e9cial et d&rsquo;unique.<\/p>\n","protected":false},"excerpt":{"rendered":"<p>Porte-cl\u00e9s en bois avec la lettre \u00ab\u00a0E\u00a0\u00bb, parfait pour personnaliser vos cl\u00e9s ou comme cadeau. Ce porte-cl\u00e9s pr\u00e9sente un design vibrant, orn\u00e9 de motifs floraux color\u00e9s dans des tons rouge, bleu et jaune, \u00e9voquant la tradition artistique de la c\u00e9ramique espagnole. La pi\u00e8ce, soigneusement \u00e9labor\u00e9e en bois, allie fonctionnalit\u00e9 et style, en faisant un souvenir distinctif qui enchantera ceux qui recherchent une touche unique.<\/p>\n","protected":false},"featured_media":9595,"template":"","meta":{"_acf_changed":false},"product_brand":[],"product_cat":[607],"product_tag":[614],"class_list":{"0":"post-31575","1":"product","2":"type-product","3":"status-publish","4":"has-post-thumbnail","6":"product_cat-porte-cles","7":"product_tag-lettres","8":"pa_motivo-lettre-e","10":"first","11":"instock","12":"shipping-taxable","13":"product-type-simple"},"acf":[],"_links":{"self":[{"href":"https:\/\/olemosaic.orbitalia.org\/fr\/wp-json\/wp\/v2\/product\/31575","targetHints":{"allow":["GET"]}}],"collection":[{"href":"https:\/\/olemosaic.orbitalia.org\/fr\/wp-json\/wp\/v2\/product"}],"about":[{"href":"https:\/\/olemosaic.orbitalia.org\/fr\/wp-json\/wp\/v2\/types\/product"}],"wp:featuredmedia":[{"embeddable":true,"href":"https:\/\/olemosaic.orbitalia.org\/fr\/wp-json\/wp\/v2\/media\/9595"}],"wp:attachment":[{"href":"https:\/\/olemosaic.orbitalia.org\/fr\/wp-json\/wp\/v2\/media?parent=31575"}],"wp:term":[{"taxonomy":"product_brand","embeddable":true,"href":"https:\/\/olemosaic.orbitalia.org\/fr\/wp-json\/wp\/v2\/product_brand?post=31575"},{"taxonomy":"product_cat","embeddable":true,"href":"https:\/\/olemosaic.orbitalia.org\/fr\/wp-json\/wp\/v2\/product_cat?post=31575"},{"taxonomy":"product_tag","embeddable":true,"href":"https:\/\/olemosaic.orbitalia.org\/fr\/wp-json\/wp\/v2\/product_tag?post=31575"}],"curies":[{"name":"wp","href":"https:\/\/api.w.org\/{rel}","templated":true}]}}

Porte-clés en bois. Lettre E.

<p>Ce porte-clés en bois en forme de lettre « E » est un accessoire fonctionnel et attrayant, idéal pour personnaliser vos clés ou pour offrir. Élaboré avec soin en bois, il se distingue par son design vibrant, orné de motifs floraux colorés dans des tons rouges, bleus et jaunes qui évoquent la riche tradition artistique de la céramique espagnole. Les détails complexes et les couleurs vives apportent non seulement une touche unique, mais reflètent également l&rsquo;héritage culturel de l&rsquo;art populaire, mettant en relief le savoir-faire des artisans qui ont transmis ces techniques au fil des générations.</p>
<p>Le porte-clés, qui allie fonctionnalité et style, est un souvenir représentatif qui enchantera ceux qui recherchent un objet significatif lors de leur visite en Espagne. Sa forme distinctive de lettre « E » en fait une option personnalisée parfaite, pouvant symboliser l&rsquo;initiale d&rsquo;un nom ou être un rappel amusant d&rsquo;une expérience mémorable.</p>
<p>Chez Olé Mosaic nous nous consacrons à la distribution en gros de souvenirs de qualité, et ce porte-clés en bois est un excellent ajout pour les boutiques de cadeaux touristiques souhaitant proposer des produits authentiques et pleins de charme. Ce porte-clés n&rsquo;est pas seulement pratique, il offre également un morceau de culture espagnole, étant le cadeau parfait pour ceux qui recherchent quelque chose de spécial et d&rsquo;unique.</p>

<p>Porte-clés en bois avec la lettre « E », parfait pour personnaliser vos clés ou comme cadeau. Ce porte-clés présente un design vibrant, orné de motifs floraux colorés dans des tons rouge, bleu et jaune, évoquant la tradition artistique de la céramique espagnole. La pièce, soigneusement élaborée en bois, allie fonctionnalité et style, en faisant un souvenir distinctif qui enchantera ceux qui recherchent une touche unique.</p>
