{"id":29669,"date":"2025-02-20T23:31:18","date_gmt":"2025-02-20T22:31:18","guid":{"rendered":"https:\/\/olemosaic.orbitalia.org\/producto\/cenicero-de-ceramica-de-9-cm-valencia-blanco\/"},"modified":"2025-07-25T19:16:44","modified_gmt":"2025-07-25T17:16:44","slug":"cendrier-en-ceramique-de-9-cm-valence-blanc","status":"publish","type":"product","link":"https:\/\/olemosaic.orbitalia.org\/fr\/produit\/cendrier-en-ceramique-de-9-cm-valence-blanc\/","title":{"rendered":"Cendrier en c\u00e9ramique de 9 cm. Valence. Blanc"},"content":{"rendered":"<p>Ce cendrier en c\u00e9ramique de 9 cm est un \u00e9l\u00e9gant souvenir d\u00e9coratif qui capture l&rsquo;essence vibrante de Valence. Son design, sur un fond blanc brillant, met en valeur les illustrations iconiques repr\u00e9sentant deux des symboles architecturaux les plus embl\u00e9matiques de la ville : le magnifique H\u00f4tel de Ville et la futuriste Cit\u00e9 des Arts et des Sciences. Le cendrier est orn\u00e9 d&rsquo;une mosa\u00efque color\u00e9e qui entoure la base, ajoutant une touche artistique et contemporaine \u00e0 cette pi\u00e8ce fonctionnelle.<\/p>\n<p>Dans la partie sup\u00e9rieure, le nom \u00ab\u00a0Valencia\u00a0\u00bb appara\u00eet en lettres vibrantes, accompagn\u00e9 d&rsquo;une illustration d&rsquo;une orange, symbole de la r\u00e9gion, qui \u00e9voque la riche tradition agricole et la fra\u00eecheur qui caract\u00e9rise la ville. Ce cendrier n&rsquo;est pas seulement un article pratique pour la maison, mais aussi une d\u00e9claration de style qui permet aux utilisateurs d&#8217;emporter un morceau de la culture valencienne dans leurs espaces.<\/p>\n<p>En tant que distributeur de souvenirs en gros, Ol\u00e9 Mosaic propose ce cendrier comme une option exceptionnelle pour les boutiques de cadeaux touristiques \u00e0 la recherche de produits authentiques et repr\u00e9sentatifs. Id\u00e9al pour les touristes qui souhaitent un souvenir significatif de leur visite \u00e0 Valence, ce cendrier est une repr\u00e9sentation parfaite de l&rsquo;h\u00e9ritage culturel et artistique de la r\u00e9gion, devenant un cadeau appr\u00e9ci\u00e9 et un sujet de conversation dans n&rsquo;importe quel foyer.<\/p>\n","protected":false},"excerpt":{"rendered":"<p>Cendrier en c\u00e9ramique de 9 cm, d\u00e9cor\u00e9 de motifs repr\u00e9sentatifs de Valence. Ce \u00e9l\u00e9gant cendrier blanc pr\u00e9sente un design color\u00e9 comprenant des illustrations du c\u00e9l\u00e8bre H\u00f4tel de Ville et de la futuriste Cit\u00e9 des Arts et des Sciences, soulignant l&rsquo;essence de la ville. Sur la partie sup\u00e9rieure, il arbore le nom \u00ab\u00a0Valencia\u00a0\u00bb en lettres vibrantes, ainsi qu&rsquo;un dessin d&rsquo;une orange, symbole embl\u00e9matique de la r\u00e9gion. Un article fonctionnel et d\u00e9coratif qui capture l&rsquo;essence culturelle et architecturale de Valence.<\/p>\n","protected":false},"featured_media":9882,"template":"","meta":{"_acf_changed":false},"product_brand":[],"product_cat":[584],"product_tag":[585],"class_list":{"0":"post-29669","1":"product","2":"type-product","3":"status-publish","4":"has-post-thumbnail","6":"product_cat-cendriers","7":"product_tag-ceramique","8":"pa_ciudad-valencia","9":"pa_pais-espana","11":"first","12":"instock","13":"shipping-taxable","14":"product-type-simple"},"acf":[],"_links":{"self":[{"href":"https:\/\/olemosaic.orbitalia.org\/fr\/wp-json\/wp\/v2\/product\/29669","targetHints":{"allow":["GET"]}}],"collection":[{"href":"https:\/\/olemosaic.orbitalia.org\/fr\/wp-json\/wp\/v2\/product"}],"about":[{"href":"https:\/\/olemosaic.orbitalia.org\/fr\/wp-json\/wp\/v2\/types\/product"}],"wp:featuredmedia":[{"embeddable":true,"href":"https:\/\/olemosaic.orbitalia.org\/fr\/wp-json\/wp\/v2\/media\/9882"}],"wp:attachment":[{"href":"https:\/\/olemosaic.orbitalia.org\/fr\/wp-json\/wp\/v2\/media?parent=29669"}],"wp:term":[{"taxonomy":"product_brand","embeddable":true,"href":"https:\/\/olemosaic.orbitalia.org\/fr\/wp-json\/wp\/v2\/product_brand?post=29669"},{"taxonomy":"product_cat","embeddable":true,"href":"https:\/\/olemosaic.orbitalia.org\/fr\/wp-json\/wp\/v2\/product_cat?post=29669"},{"taxonomy":"product_tag","embeddable":true,"href":"https:\/\/olemosaic.orbitalia.org\/fr\/wp-json\/wp\/v2\/product_tag?post=29669"}],"curies":[{"name":"wp","href":"https:\/\/api.w.org\/{rel}","templated":true}]}}

Cendrier en céramique de 9 cm. Valence. Blanc

<p>Ce cendrier en céramique de 9 cm est un élégant souvenir décoratif qui capture l&rsquo;essence vibrante de Valence. Son design, sur un fond blanc brillant, met en valeur les illustrations iconiques représentant deux des symboles architecturaux les plus emblématiques de la ville : le magnifique Hôtel de Ville et la futuriste Cité des Arts et des Sciences. Le cendrier est orné d&rsquo;une mosaïque colorée qui entoure la base, ajoutant une touche artistique et contemporaine à cette pièce fonctionnelle.</p>
<p>Dans la partie supérieure, le nom « Valencia » apparaît en lettres vibrantes, accompagné d&rsquo;une illustration d&rsquo;une orange, symbole de la région, qui évoque la riche tradition agricole et la fraîcheur qui caractérise la ville. Ce cendrier n&rsquo;est pas seulement un article pratique pour la maison, mais aussi une déclaration de style qui permet aux utilisateurs d&#8217;emporter un morceau de la culture valencienne dans leurs espaces.</p>
<p>En tant que distributeur de souvenirs en gros, Olé Mosaic propose ce cendrier comme une option exceptionnelle pour les boutiques de cadeaux touristiques à la recherche de produits authentiques et représentatifs. Idéal pour les touristes qui souhaitent un souvenir significatif de leur visite à Valence, ce cendrier est une représentation parfaite de l&rsquo;héritage culturel et artistique de la région, devenant un cadeau apprécié et un sujet de conversation dans n&rsquo;importe quel foyer.</p>

<p>Cendrier en céramique de 9 cm, décoré de motifs représentatifs de Valence. Ce élégant cendrier blanc présente un design coloré comprenant des illustrations du célèbre Hôtel de Ville et de la futuriste Cité des Arts et des Sciences, soulignant l&rsquo;essence de la ville. Sur la partie supérieure, il arbore le nom « Valencia » en lettres vibrantes, ainsi qu&rsquo;un dessin d&rsquo;une orange, symbole emblématique de la région. Un article fonctionnel et décoratif qui capture l&rsquo;essence culturelle et architecturale de Valence.</p>
